{"id":806,"date":"2014-09-05T10:21:34","date_gmt":"2014-09-05T08:21:34","guid":{"rendered":"https:\/\/www.kunskapsforbundet.se\/vuxenutbildningen\/?page_id=806"},"modified":"2026-02-09T14:31:35","modified_gmt":"2026-02-09T13:31:35","slug":"expedition","status":"publish","type":"page","link":"https:\/\/kunskapsforbundet.se\/vuxenutbildningen\/expedition\/","title":{"rendered":"Administration"},"content":{"rendered":"\n<div class=\"pages__ingress pb-4 mb-0\"><p class=\"wp-block-ggb-block-feature__ingress\">Administrationen kan hj\u00e4lpa dig som studerar p\u00e5 flera s\u00e4tt.<\/p><\/div>\n\n\n\n<p>V\u00e5ra administrat\u00f6rer kan hj\u00e4lpa dig med bland annat: <\/p>\n\n\n\n<ul class=\"wp-block-list\">\n<li>Fr\u00e5gor om ans\u00f6kan<\/li>\n\n\n\n<li>Fr\u00e5gor om ditt svarsbesked<\/li>\n\n\n\n<li>Skicka in ditt svarsbesked<\/li>\n\n\n\n<li>Betyg\/intyg<\/li>\n\n\n\n<li>Schema<\/li>\n\n\n\n<li>Avbrott av kurs\/kurser\/utbildning<\/li>\n\n\n\n<li>Ans\u00f6kan om pr\u00f6vning<\/li>\n\n\n\n<li>Ans\u00f6kan om busskort (l\u00e4ser heltid och \u00e4r under 20 \u00e5r)<\/li>\n\n\n\n<li>Ledighetsans\u00f6kan<\/li>\n<\/ul>\n\n\n\n<h2 class=\"wp-block-heading\">Kontakta administrationen<\/h2>\n\n\n\n<p>Anv\u00e4nd e-tj\u00e4nsten nedan f\u00f6r att kontakta administrationen p\u00e5 Vuxenutbildningen.<\/p>\n\n\n\n<div class=\"wp-block-buttons is-layout-flex wp-block-buttons-is-layout-flex\">\n<div class=\"wp-block-button has-custom-width wp-block-button__width-100\"><a class=\"wp-block-button__link has-black-color has-text-color has-background has-link-color wp-element-button\" href=\"https:\/\/minasidor.kunskapsforbundet.se\/215\" style=\"border-radius:0px;background-color:#9f8fca\">Kontakta administrationen h\u00e4r (e-tj\u00e4nst)<\/a><\/div>\n<\/div>\n\n\n\n<p><a href=\"https:\/\/kunskapsforbundet.se\/vuxenutbildningen\/kontakta-oss\/\">H\u00e4r hittar du \u00f6ppettider och telefontider f\u00f6r administration\/reception.<\/a><\/p>\n\n\n\n<p><\/p>\n","protected":false},"excerpt":{"rendered":"<p>V\u00e5ra administrat\u00f6rer kan hj\u00e4lpa dig med bland annat: Kontakta administrationen Anv\u00e4nd e-tj\u00e4nsten nedan f\u00f6r att kontakta administrationen p\u00e5 Vuxenutbildningen. H\u00e4r hittar du \u00f6ppettider och telefontider f\u00f6r administration\/reception.<\/p>\n","protected":false},"author":7,"featured_media":0,"parent":0,"menu_order":0,"comment_status":"closed","ping_status":"closed","template":"","meta":{"_acf_changed":false,"footnotes":""},"class_list":["post-806","page","type-page","status-publish","hentry"],"acf":[],"_links":{"self":[{"href":"https:\/\/kunskapsforbundet.se\/vuxenutbildningen\/wp-json\/wp\/v2\/pages\/806","targetHints":{"allow":["GET"]}}],"collection":[{"href":"https:\/\/kunskapsforbundet.se\/vuxenutbildningen\/wp-json\/wp\/v2\/pages"}],"about":[{"href":"https:\/\/kunskapsforbundet.se\/vuxenutbildningen\/wp-json\/wp\/v2\/types\/page"}],"author":[{"embeddable":true,"href":"https:\/\/kunskapsforbundet.se\/vuxenutbildningen\/wp-json\/wp\/v2\/users\/7"}],"replies":[{"embeddable":true,"href":"https:\/\/kunskapsforbundet.se\/vuxenutbildningen\/wp-json\/wp\/v2\/comments?post=806"}],"version-history":[{"count":26,"href":"https:\/\/kunskapsforbundet.se\/vuxenutbildningen\/wp-json\/wp\/v2\/pages\/806\/revisions"}],"predecessor-version":[{"id":28657,"href":"https:\/\/kunskapsforbundet.se\/vuxenutbildningen\/wp-json\/wp\/v2\/pages\/806\/revisions\/28657"}],"wp:attachment":[{"href":"https:\/\/kunskapsforbundet.se\/vuxenutbildningen\/wp-json\/wp\/v2\/media?parent=806"}],"curies":[{"name":"wp","href":"https:\/\/api.w.org\/{rel}","templated":true}]}}