{"id":804,"date":"2014-09-05T10:20:05","date_gmt":"2014-09-05T08:20:05","guid":{"rendered":"https:\/\/www.kunskapsforbundet.se\/vuxenutbildningen\/?page_id=804"},"modified":"2026-02-19T07:48:05","modified_gmt":"2026-02-19T06:48:05","slug":"ledighet-under-studier","status":"publish","type":"page","link":"https:\/\/kunskapsforbundet.se\/vuxenutbildningen\/ledighet-under-studier\/","title":{"rendered":"Ledighet under studier"},"content":{"rendered":"<ul>\n<li>Vid ledighet enstaka lektioner g\u00f6r du upp\u00a0med ber\u00f6rda l\u00e4rare.<\/li>\n<li>Vid ledighet 1 dag eller mer g\u00f6r du skriftlig ans\u00f6kan om ledighet p\u00e5 blankett som finns vid receptionen och f\u00f6r nedladdning h\u00e4r nedan.<\/li>\n<li>Ledighet vid terminsstarten beviljas inte\u00a0utan synnerliga sk\u00e4l<\/li>\n<\/ul>\n","protected":false},"excerpt":{"rendered":"<p>Vid ledighet enstaka lektioner g\u00f6r du upp\u00a0med ber\u00f6rda l\u00e4rare. Vid ledighet 1 dag eller mer g\u00f6r du skriftlig ans\u00f6kan om ledighet p\u00e5 blankett som finns vid receptionen och f\u00f6r nedladdning h\u00e4r nedan. Ledighet vid terminsstarten beviljas inte\u00a0utan synnerliga sk\u00e4l<\/p>\n","protected":false},"author":7,"featured_media":0,"parent":0,"menu_order":0,"comment_status":"closed","ping_status":"closed","template":"","meta":{"_acf_changed":false,"footnotes":""},"class_list":["post-804","page","type-page","status-publish","hentry"],"acf":[],"_links":{"self":[{"href":"https:\/\/kunskapsforbundet.se\/vuxenutbildningen\/wp-json\/wp\/v2\/pages\/804","targetHints":{"allow":["GET"]}}],"collection":[{"href":"https:\/\/kunskapsforbundet.se\/vuxenutbildningen\/wp-json\/wp\/v2\/pages"}],"about":[{"href":"https:\/\/kunskapsforbundet.se\/vuxenutbildningen\/wp-json\/wp\/v2\/types\/page"}],"author":[{"embeddable":true,"href":"https:\/\/kunskapsforbundet.se\/vuxenutbildningen\/wp-json\/wp\/v2\/users\/7"}],"replies":[{"embeddable":true,"href":"https:\/\/kunskapsforbundet.se\/vuxenutbildningen\/wp-json\/wp\/v2\/comments?post=804"}],"version-history":[{"count":11,"href":"https:\/\/kunskapsforbundet.se\/vuxenutbildningen\/wp-json\/wp\/v2\/pages\/804\/revisions"}],"predecessor-version":[{"id":29187,"href":"https:\/\/kunskapsforbundet.se\/vuxenutbildningen\/wp-json\/wp\/v2\/pages\/804\/revisions\/29187"}],"wp:attachment":[{"href":"https:\/\/kunskapsforbundet.se\/vuxenutbildningen\/wp-json\/wp\/v2\/media?parent=804"}],"curies":[{"name":"wp","href":"https:\/\/api.w.org\/{rel}","templated":true}]}}