{"id":4879,"date":"2016-03-30T14:43:43","date_gmt":"2016-03-30T12:43:43","guid":{"rendered":"https:\/\/www.kunskapsforbundet.se\/vuxenutbildningen\/?page_id=4879"},"modified":"2021-07-09T13:48:20","modified_gmt":"2021-07-09T11:48:20","slug":"projekt-pendlerbroen","status":"publish","type":"page","link":"https:\/\/kunskapsforbundet.se\/vuxenutbildningen\/projekt-pendlerbroen\/","title":{"rendered":"Projekt | Pendlerbroen"},"content":{"rendered":"\n<div class=\"pages__ingress pb-4 mb-0\"><p>Pendlerbroen \u00e4r ett Interreg projekt mellan partners i Sverige och Danmark<\/p><\/div>\n\n\n<p><img loading=\"lazy\" decoding=\"async\" class=\"img-responsive img-responsive alignleft wp-image-5043 size-full\" src=\"https:\/\/www.kunskapsforbundet.se\/vuxenutbildningen\/wp-content\/uploads\/sites\/6\/2016\/03\/eu_projekt_webb.jpg\" alt=\"Bild projektet Pendlerbroen\" width=\"960\" height=\"640\" srcset=\"https:\/\/kunskapsforbundet.se\/app\/uploads\/sites\/6\/2016\/03\/eu_projekt_webb.jpg 960w, https:\/\/kunskapsforbundet.se\/app\/uploads\/sites\/6\/2016\/03\/eu_projekt_webb-300x200.jpg 300w, https:\/\/kunskapsforbundet.se\/app\/uploads\/sites\/6\/2016\/03\/eu_projekt_webb-768x512.jpg 768w, https:\/\/kunskapsforbundet.se\/app\/uploads\/sites\/6\/2016\/03\/eu_projekt_webb-360x240.jpg 360w, https:\/\/kunskapsforbundet.se\/app\/uploads\/sites\/6\/2016\/03\/eu_projekt_webb-555x370.jpg 555w, https:\/\/kunskapsforbundet.se\/app\/uploads\/sites\/6\/2016\/03\/eu_projekt_webb-750x500.jpg 750w, https:\/\/kunskapsforbundet.se\/app\/uploads\/sites\/6\/2016\/03\/eu_projekt_webb-200x133.jpg 200w\" sizes=\"auto, (max-width: 960px) 100vw, 960px\" \/><\/p>\n<p>\u00a0<\/p>\n<p><img loading=\"lazy\" decoding=\"async\" class=\"img-responsive img-responsive alignleft wp-image-5124 size-full\" src=\"https:\/\/www.kunskapsforbundet.se\/vuxenutbildningen\/wp-content\/uploads\/sites\/6\/2016\/03\/pendlerbroen_loggor_ny.jpg\" alt=\"pendlerbroen_loggor_ny\" width=\"1004\" height=\"144\" srcset=\"https:\/\/kunskapsforbundet.se\/app\/uploads\/sites\/6\/2016\/03\/pendlerbroen_loggor_ny.jpg 1004w, https:\/\/kunskapsforbundet.se\/app\/uploads\/sites\/6\/2016\/03\/pendlerbroen_loggor_ny-300x43.jpg 300w, https:\/\/kunskapsforbundet.se\/app\/uploads\/sites\/6\/2016\/03\/pendlerbroen_loggor_ny-768x110.jpg 768w, https:\/\/kunskapsforbundet.se\/app\/uploads\/sites\/6\/2016\/03\/pendlerbroen_loggor_ny-360x52.jpg 360w, https:\/\/kunskapsforbundet.se\/app\/uploads\/sites\/6\/2016\/03\/pendlerbroen_loggor_ny-555x80.jpg 555w, https:\/\/kunskapsforbundet.se\/app\/uploads\/sites\/6\/2016\/03\/pendlerbroen_loggor_ny-750x108.jpg 750w, https:\/\/kunskapsforbundet.se\/app\/uploads\/sites\/6\/2016\/03\/pendlerbroen_loggor_ny-200x29.jpg 200w\" sizes=\"auto, (max-width: 1004px) 100vw, 1004px\" \/>Projektet handlar om att identifiera behovet av smala kompetenser som efterfr\u00e5gas p\u00e5 sm\u00e5 och medelstora f\u00f6retag. \u00d6ka bro\u00adpendling i form av distansteknik samt \u00f6ka samverkan mellan utbildningsakt\u00f6rer.<\/p>\n<p>Projektet syftar till att fr\u00e4mja syssels\u00e4ttning och arbetskraftens r\u00f6rlighet med st\u00f6d av digital tek\u00adnik samt att utveckla tankar och st\u00f6d f\u00f6r digitalt pendlande i samverkan med personlig r\u00f6rlighet.<\/p>\n<p>F\u00f6r att klara det framtida behovet av kvalificerad arbetskraft kr\u00e4vs en flexibel arbetsmarknad och flexibel utbildning. Projektet har d\u00e4rf\u00f6r ett gr\u00e4ns\u00ad\u00f6verskridande fokus p\u00e5 behovet av en arbetskraft som \u00e4r utrustad f\u00f6r att arbeta \u00f6ver gr\u00e4nserna p\u00e5 hel- eller deltid.<\/p>\n<ul>\n<li>Projektarbeten f\u00f6r studenter<\/li>\n<li>R\u00f6rlighet f\u00f6r mikrokompetenser<\/li>\n<li>Matchning<\/li>\n<\/ul>\n<p>Kunskapsf\u00f6rbundet V\u00e4sts roll i projekt Pendle\u00adbroen \u00e4r att kartl\u00e4gga utbud och efterfr\u00e5gan p\u00e5 arbetsmarknaden.\u00a0Tillsammans med andra partners utveckla det befintliga utbudet av utbildningar samt f\u00e5 ett bre\u00addare utbyte av kompetenser inom de deltagande regionerna.\u00a0Kartl\u00e4ggningen inneb\u00e4r \u00e4ven att vi f\u00e5r information kring smala kompetenser som efterfr\u00e5gas.<\/p>\n<h3>Deltagande partner i Pendlerbroen<\/h3>\n<p>UCN University College NordJylland, H\u00f6gskolan V\u00e4st, Bussines Aalborg, Kunskapsf\u00f6rbundet V\u00e4st, Soten\u00e4s Kommun<\/p>","protected":false},"excerpt":{"rendered":"<p>\u00a0 Projektet handlar om att identifiera behovet av smala kompetenser som efterfr\u00e5gas p\u00e5 sm\u00e5 och medelstora f\u00f6retag. \u00d6ka bro\u00adpendling i form av distansteknik samt \u00f6ka samverkan mellan utbildningsakt\u00f6rer. Projektet syftar till att fr\u00e4mja syssels\u00e4ttning och arbetskraftens r\u00f6rlighet med st\u00f6d av digital tek\u00adnik samt att utveckla tankar och st\u00f6d f\u00f6r digitalt pendlande i samverkan med personlig [&hellip;]<\/p>\n","protected":false},"author":7,"featured_media":0,"parent":0,"menu_order":0,"comment_status":"closed","ping_status":"closed","template":"","meta":{"_acf_changed":false,"footnotes":""},"class_list":["post-4879","page","type-page","status-publish","hentry"],"acf":[],"_links":{"self":[{"href":"https:\/\/kunskapsforbundet.se\/vuxenutbildningen\/wp-json\/wp\/v2\/pages\/4879","targetHints":{"allow":["GET"]}}],"collection":[{"href":"https:\/\/kunskapsforbundet.se\/vuxenutbildningen\/wp-json\/wp\/v2\/pages"}],"about":[{"href":"https:\/\/kunskapsforbundet.se\/vuxenutbildningen\/wp-json\/wp\/v2\/types\/page"}],"author":[{"embeddable":true,"href":"https:\/\/kunskapsforbundet.se\/vuxenutbildningen\/wp-json\/wp\/v2\/users\/7"}],"replies":[{"embeddable":true,"href":"https:\/\/kunskapsforbundet.se\/vuxenutbildningen\/wp-json\/wp\/v2\/comments?post=4879"}],"version-history":[{"count":7,"href":"https:\/\/kunskapsforbundet.se\/vuxenutbildningen\/wp-json\/wp\/v2\/pages\/4879\/revisions"}],"predecessor-version":[{"id":12830,"href":"https:\/\/kunskapsforbundet.se\/vuxenutbildningen\/wp-json\/wp\/v2\/pages\/4879\/revisions\/12830"}],"wp:attachment":[{"href":"https:\/\/kunskapsforbundet.se\/vuxenutbildningen\/wp-json\/wp\/v2\/media?parent=4879"}],"curies":[{"name":"wp","href":"https:\/\/api.w.org\/{rel}","templated":true}]}}