{"id":4873,"date":"2016-03-30T14:22:53","date_gmt":"2016-03-30T12:22:53","guid":{"rendered":"https:\/\/www.kunskapsforbundet.se\/vuxenutbildningen\/?page_id=4873"},"modified":"2021-07-09T13:49:21","modified_gmt":"2021-07-09T11:49:21","slug":"projekt-yggdrasil","status":"publish","type":"page","link":"https:\/\/kunskapsforbundet.se\/vuxenutbildningen\/projekt-yggdrasil\/","title":{"rendered":"Projekt | Yggdrasil"},"content":{"rendered":"\n<div class=\"pages__ingress pb-4 mb-0\"><p>Yggdrasil \u00e4r ett Interreg-projekt med partners i Danmark, Norge och Sverige<\/p><\/div>\n\n\n<p><img loading=\"lazy\" decoding=\"async\" class=\"img-responsive img-responsive alignleft wp-image-4875 size-full\" src=\"https:\/\/www.kunskapsforbundet.se\/vuxenutbildningen\/wp-content\/uploads\/sites\/6\/2016\/03\/yggdrasil_loggor.jpg\" alt=\"yggdrasil_loggor\" width=\"1004\" height=\"144\" srcset=\"https:\/\/kunskapsforbundet.se\/app\/uploads\/sites\/6\/2016\/03\/yggdrasil_loggor.jpg 1004w, https:\/\/kunskapsforbundet.se\/app\/uploads\/sites\/6\/2016\/03\/yggdrasil_loggor-300x43.jpg 300w, https:\/\/kunskapsforbundet.se\/app\/uploads\/sites\/6\/2016\/03\/yggdrasil_loggor-768x110.jpg 768w, https:\/\/kunskapsforbundet.se\/app\/uploads\/sites\/6\/2016\/03\/yggdrasil_loggor-360x52.jpg 360w, https:\/\/kunskapsforbundet.se\/app\/uploads\/sites\/6\/2016\/03\/yggdrasil_loggor-555x80.jpg 555w, https:\/\/kunskapsforbundet.se\/app\/uploads\/sites\/6\/2016\/03\/yggdrasil_loggor-750x108.jpg 750w, https:\/\/kunskapsforbundet.se\/app\/uploads\/sites\/6\/2016\/03\/yggdrasil_loggor-200x29.jpg 200w\" sizes=\"auto, (max-width: 1004px) 100vw, 1004px\" \/><\/p>\n<p>Projektet ska bland annat utveckla ett nytt verktyg, ett kompetensbevis, f\u00f6r att individer ska kunna f\u00e5 sin reella kompetens dokumenterad.\u00a0Yggdrasil \u00e4r ett Interreg-projekt med 7 partners i Danmark, Norge och Sverige. Region Midtjylland i Danmark \u00e4r Leadpartner. Projektet startade 1 januari 2016 och p\u00e5g\u00e5r till och med 2018.<\/p>\n<h3>Partners i projektet<\/h3>\n<p>Svenska partners i projektet \u00e4r Kunskapsf\u00f6rbundet V\u00e4st, Str\u00f6mstads kommun och Validering V\u00e4st.<\/p>\n<h3>Projektets huvudsakliga m\u00e5l<\/h3>\n<p>Projektet synligg\u00f6r och dokumenterar kompetenser, som individer har till\u00e4gnat sig framf\u00f6rallt i arbetslivet eller p\u00e5 fritiden och som de inte har papper p\u00e5. Det kan t.ex. vara arbetsl\u00f6sa, individer utan formell utbildning, nyanl\u00e4nda eller andra grupper som inte har formell utbildning fr\u00e5n Danmark, Norge eller Sverige.<\/p>\n<p>Projektet handlar inte om att det formella utbildningssystemet ska godk\u00e4nna en motsvarande utbildning utan att individen ska kunna f\u00e5 sin reella kompetens dokumenterad. Kompetens som den skandinaviska arbetsmarknaden efterfr\u00e5gar, oavsett om individen har en formell utbildning.<\/p>\n<p>Projektet utvecklar ett nytt verktyg &#8211; ett kompetensbevis &#8211; som synligg\u00f6r individens reella kompetenser. I projektet utvecklas ocks\u00e5 en gemensam skandinavisk modell f\u00f6r kompetensutveckling f\u00f6r de akt\u00f6rer som kommer att utf\u00e4rda de i projektet framtagna kompetensbevisen.<\/p>\n<h3>Yggdrasil \u00e4r ett Interreg-projekt<\/h3>\n<p>Interreg \u00d6resund-Kattegat-Skagerrak \u00e4r ett EU-program, som st\u00f6djer projekt mellan Danmark, Sverige och Norge, f\u00f6r att l\u00f6sa utmaningar i fyra insatsomr\u00e5den under perioden 2014-2020.<\/p>\n<p>De fyra omr\u00e5dena \u00e4r innovation, gr\u00f6n ekonomi, transport och syssels\u00e4ttning.<br \/>Yggdrasil verkar inom Insatsomr\u00e5de Syssels\u00e4ttning som har tv\u00e5 specifika m\u00e5l;<\/p>\n<ul>\n<li>att fr\u00e4mja \u00f6kad antalet syssels\u00e4ttning i egenf\u00f6retag, mikrof\u00f6retag och nystartade f\u00f6retag<\/li>\n<li>att \u00f6ka antalet gr\u00e4nsarbetspendlare<\/li>\n<\/ul>\n<p>Det bor \u00f6ver nio miljoner m\u00e4nniskor i omr\u00e5det kring \u00d6resund, Kattegatt och Skagerrak. F\u00f6r att f\u00e5 st\u00f6d fr\u00e5n Interreg ska den s\u00f6kande antingen befinna sig i det geografiska omr\u00e5det eller vara en nationell organisation som vill gagna omr\u00e5det genom sitt projekt.<\/p>","protected":false},"excerpt":{"rendered":"<p>Projektet ska bland annat utveckla ett nytt verktyg, ett kompetensbevis, f\u00f6r att individer ska kunna f\u00e5 sin reella kompetens dokumenterad.\u00a0Yggdrasil \u00e4r ett Interreg-projekt med 7 partners i Danmark, Norge och Sverige. Region Midtjylland i Danmark \u00e4r Leadpartner. Projektet startade 1 januari 2016 och p\u00e5g\u00e5r till och med 2018. Partners i projektet Svenska partners i projektet [&hellip;]<\/p>\n","protected":false},"author":7,"featured_media":0,"parent":0,"menu_order":0,"comment_status":"closed","ping_status":"closed","template":"","meta":{"_acf_changed":false,"footnotes":""},"class_list":["post-4873","page","type-page","status-publish","hentry"],"acf":[],"_links":{"self":[{"href":"https:\/\/kunskapsforbundet.se\/vuxenutbildningen\/wp-json\/wp\/v2\/pages\/4873","targetHints":{"allow":["GET"]}}],"collection":[{"href":"https:\/\/kunskapsforbundet.se\/vuxenutbildningen\/wp-json\/wp\/v2\/pages"}],"about":[{"href":"https:\/\/kunskapsforbundet.se\/vuxenutbildningen\/wp-json\/wp\/v2\/types\/page"}],"author":[{"embeddable":true,"href":"https:\/\/kunskapsforbundet.se\/vuxenutbildningen\/wp-json\/wp\/v2\/users\/7"}],"replies":[{"embeddable":true,"href":"https:\/\/kunskapsforbundet.se\/vuxenutbildningen\/wp-json\/wp\/v2\/comments?post=4873"}],"version-history":[{"count":3,"href":"https:\/\/kunskapsforbundet.se\/vuxenutbildningen\/wp-json\/wp\/v2\/pages\/4873\/revisions"}],"predecessor-version":[{"id":12831,"href":"https:\/\/kunskapsforbundet.se\/vuxenutbildningen\/wp-json\/wp\/v2\/pages\/4873\/revisions\/12831"}],"wp:attachment":[{"href":"https:\/\/kunskapsforbundet.se\/vuxenutbildningen\/wp-json\/wp\/v2\/media?parent=4873"}],"curies":[{"name":"wp","href":"https:\/\/api.w.org\/{rel}","templated":true}]}}