{"id":471,"date":"2014-08-29T14:16:18","date_gmt":"2014-08-29T12:16:18","guid":{"rendered":"https:\/\/www.kunskapsforbundet.se\/vuxenutbildningen\/?page_id=471"},"modified":"2026-03-03T14:06:43","modified_gmt":"2026-03-03T13:06:43","slug":"bibliotek","status":"publish","type":"page","link":"https:\/\/kunskapsforbundet.se\/vuxenutbildningen\/bibliotek\/","title":{"rendered":"Bibliotek"},"content":{"rendered":"\n<div class=\"pages__ingress pb-4 mb-0\"><p class=\"wp-block-ggb-block-feature__ingress\">V\u00e4lkommen till Vuxenutbildningens skolbibliotek i V\u00e4nersborg. Vi finns p\u00e5 v\u00e5ning 5 i V\u00e4nerparken.<\/p><\/div>\n\n\n\n<p>Hit \u00e4r alla elever p\u00e5 Vuxenutbildningen inom Kunskapsf\u00f6rbundet v\u00e4lkomna. Vi som arbetar h\u00e4r heter Anna och Maria. Oss tr\u00e4ffar du i biblioteket, men \u00e4ven i klassrummen n\u00e4r vi undervisar i informationss\u00f6kning, k\u00e4llkritik, bokprat mm.<\/p>\n\n\n\n<p>P\u00e5 biblioteket kan du s\u00f6ka information i b\u00f6cker och databaser, l\u00e4sa tidningar och tidskrifter, l\u00e5na och best\u00e4lla b\u00f6cker (\u00e4ven fr\u00e5n andra bibliotek) eller sitta och studera. Du kan f\u00e5 hj\u00e4lp med kopior av artiklar som inte finns i skolans bibliotek.<\/p>\n\n\n\n<p>H\u00e4r hittar du ett varierat utbud av facklitteratur inom olika \u00e4mnen, sk\u00f6nlitteratur och l\u00e4ttl\u00e4st litteratur. Vi har b\u00f6cker p\u00e5 svenska och engelska men ocks\u00e5 andra spr\u00e5k. Fr\u00e5ga g\u00e4rna personalen n\u00e4r du beh\u00f6ver hj\u00e4lp och v\u00e4gledning i biblioteket eller om du vill ha boktips. Saknar du n\u00e5got i biblioteket?&nbsp;L\u00e4mna g\u00e4rna ett ink\u00f6psf\u00f6rslag!<\/p>\n\n\n\n<p>Prata med bibliotekarien om du har ett l\u00e4shinder (t ex, dyslexi eller synskada) s\u00e5 kan du f\u00e5 hj\u00e4lp med inl\u00e4sta b\u00f6cker.<\/p>\n\n\n\n<p>F\u00f6r fr\u00e5gor om p\u00e5minnelser och fakturor, kontakta Helene p\u00e5 0521-72 18 84.<\/p>\n\n\n\n<p>Vi ses!<\/p>\n\n\n<\/p>\n<p><\/p>","protected":false},"excerpt":{"rendered":"<p>Hit \u00e4r alla elever p\u00e5 Vuxenutbildningen inom Kunskapsf\u00f6rbundet v\u00e4lkomna. Vi som arbetar h\u00e4r heter Anna och Maria. Oss tr\u00e4ffar du i biblioteket, men \u00e4ven i klassrummen n\u00e4r vi undervisar i informationss\u00f6kning, k\u00e4llkritik, bokprat mm. P\u00e5 biblioteket kan du s\u00f6ka information i b\u00f6cker och databaser, l\u00e4sa tidningar och tidskrifter, l\u00e5na och best\u00e4lla b\u00f6cker (\u00e4ven fr\u00e5n andra [&hellip;]<\/p>\n","protected":false},"author":7,"featured_media":12860,"parent":0,"menu_order":0,"comment_status":"closed","ping_status":"closed","template":"","meta":{"_acf_changed":false,"footnotes":""},"class_list":["post-471","page","type-page","status-publish","has-post-thumbnail","hentry"],"acf":[],"_links":{"self":[{"href":"https:\/\/kunskapsforbundet.se\/vuxenutbildningen\/wp-json\/wp\/v2\/pages\/471","targetHints":{"allow":["GET"]}}],"collection":[{"href":"https:\/\/kunskapsforbundet.se\/vuxenutbildningen\/wp-json\/wp\/v2\/pages"}],"about":[{"href":"https:\/\/kunskapsforbundet.se\/vuxenutbildningen\/wp-json\/wp\/v2\/types\/page"}],"author":[{"embeddable":true,"href":"https:\/\/kunskapsforbundet.se\/vuxenutbildningen\/wp-json\/wp\/v2\/users\/7"}],"replies":[{"embeddable":true,"href":"https:\/\/kunskapsforbundet.se\/vuxenutbildningen\/wp-json\/wp\/v2\/comments?post=471"}],"version-history":[{"count":127,"href":"https:\/\/kunskapsforbundet.se\/vuxenutbildningen\/wp-json\/wp\/v2\/pages\/471\/revisions"}],"predecessor-version":[{"id":29352,"href":"https:\/\/kunskapsforbundet.se\/vuxenutbildningen\/wp-json\/wp\/v2\/pages\/471\/revisions\/29352"}],"wp:featuredmedia":[{"embeddable":true,"href":"https:\/\/kunskapsforbundet.se\/vuxenutbildningen\/wp-json\/wp\/v2\/media\/12860"}],"wp:attachment":[{"href":"https:\/\/kunskapsforbundet.se\/vuxenutbildningen\/wp-json\/wp\/v2\/media?parent=471"}],"curies":[{"name":"wp","href":"https:\/\/api.w.org\/{rel}","templated":true}]}}