{"id":3499,"date":"2015-05-26T14:23:24","date_gmt":"2015-05-26T12:23:24","guid":{"rendered":"https:\/\/www.kunskapsforbundet.se\/vuxenutbildningen\/?page_id=3499"},"modified":"2024-02-09T08:29:48","modified_gmt":"2024-02-09T07:29:48","slug":"elevinflytande","status":"publish","type":"page","link":"https:\/\/kunskapsforbundet.se\/vuxenutbildningen\/elevinflytande\/","title":{"rendered":"Elevinflytande"},"content":{"rendered":"\n<div class=\"pages__ingress pb-4 mb-0\"><p class=\"wp-block-ggb-block-feature__ingress\">F\u00f6r att din tid inom vuxenutbildningen ska bli s\u00e5 bra som m\u00f6jligt vill vi g\u00e4rna ha in dina synpunkter p\u00e5 v\u00e5r verksamhet.<\/p><\/div>\n\n\n<h3>Elevinflytande p\u00e5 Vuxenutbildningen<\/h3>\n<p>Inom vuxenutbildningen arbetar vi med elevinflytande p\u00e5 m\u00e5nga olika s\u00e4tt, beroende p\u00e5 vad du studerar. Det kan t ex vara elevr\u00e5d, klassr\u00e5d, diskussionsforum, kursutv\u00e4rderingar eller elevenk\u00e4ter.<\/p>\n<p>\u00c4r du intresserad och tycker det h\u00e4r \u00e4r viktiga fr\u00e5gor, kontakta g\u00e4rna din rektor som kan h\u00e4nvisa dig vidare.<\/p>\n<h3>Ge oss dina synpunkter<\/h3>\n<p>Vi vill g\u00e4rna ha in dina synpunkter p\u00e5 v\u00e5ra verksamheter s\u00e5 att vi kan f\u00f6rb\u00e4ttra och utveckla dem. Detta f\u00f6r att din tid inom vuxenutbildningen ska bli s\u00e5 bra som m\u00f6jligt och att du n\u00e5r dina uppsatta m\u00e5l.\u00a0Dina synpunkter skickar du in p\u00e5 l\u00e4nken nedan. Skriv ditt \u00e4rende och e-post eller telefonnummer s\u00e5 kommer vi att h\u00f6ra av oss\u00a0till dig.<\/p>\n<p>Anv\u00e4nd dig av nedanst\u00e5ende kontaktformul\u00e4r.<\/p>\n\n<div class=\"wpforms-container wpforms-container-full wpforms-block wpforms-block-0fe3b64b-20c8-4f8f-8751-015afb772911\" id=\"wpforms-12863\"><form id=\"wpforms-form-12863\" class=\"wpforms-validate wpforms-form wpforms-ajax-form\" data-formid=\"12863\" method=\"post\" enctype=\"multipart\/form-data\" action=\"\/vuxenutbildningen\/wp-json\/wp\/v2\/pages\/3499\" data-token=\"b0a175717532b79b2910366e76270292\" data-token-time=\"1775446297\"><noscript class=\"wpforms-error-noscript\">Aktivera JavaScript i din webbl\u00e4sare f\u00f6r att slutf\u00f6ra detta formul\u00e4r.<\/noscript><div class=\"wpforms-field-container\"><div id=\"wpforms-12863-field_1-container\" class=\"wpforms-field wpforms-field-text\" data-field-id=\"1\"><label class=\"wpforms-field-label\" for=\"wpforms-12863-field_1\">1. F\u00f6r- och efternamn <span class=\"wpforms-required-label\">*<\/span><\/label><input type=\"text\" id=\"wpforms-12863-field_1\" class=\"wpforms-field-medium wpforms-field-required\" name=\"wpforms[fields][1]\" required><\/div><div id=\"wpforms-12863-field_8-container\" class=\"wpforms-field wpforms-field-email\" data-field-id=\"8\"><label class=\"wpforms-field-label\" for=\"wpforms-12863-field_8\">4. Din e-postadress <span class=\"wpforms-required-label\">*<\/span><\/label><input type=\"email\" id=\"wpforms-12863-field_8\" class=\"wpforms-field-medium wpforms-field-required\" name=\"wpforms[fields][8]\" spellcheck=\"false\" required><\/div><div id=\"wpforms-12863-field_11-container\" class=\"wpforms-field wpforms-field-text\" data-field-id=\"11\"><label class=\"wpforms-field-label\" for=\"wpforms-12863-field_11\">\u00c4mne<\/label><input type=\"text\" id=\"wpforms-12863-field_11\" class=\"wpforms-field-medium\" name=\"wpforms[fields][11]\" ><\/div><div id=\"wpforms-12863-field_7-container\" class=\"wpforms-field wpforms-field-textarea\" data-field-id=\"7\"><label class=\"wpforms-field-label\" for=\"wpforms-12863-field_7\">6. Skriv ditt meddelande h\u00e4r: <span class=\"wpforms-required-label\">*<\/span><\/label><textarea id=\"wpforms-12863-field_7\" class=\"wpforms-field-medium wpforms-field-required\" name=\"wpforms[fields][7]\" required><\/textarea><\/div><\/div><!-- .wpforms-field-container --><div class=\"wpforms-field wpforms-field-hp\"><label for=\"wpforms-12863-field-hp\" class=\"wpforms-field-label\">Phone<\/label><input type=\"text\" name=\"wpforms[hp]\" id=\"wpforms-12863-field-hp\" class=\"wpforms-field-medium\"><\/div><div class=\"wpforms-submit-container\" ><input type=\"hidden\" name=\"wpforms[id]\" value=\"12863\"><input type=\"hidden\" name=\"page_title\" value=\"\"><input type=\"hidden\" name=\"page_url\" value=\"https:\/\/kunskapsforbundet.se\/vuxenutbildningen\/wp-json\/wp\/v2\/pages\/3499\"><input type=\"hidden\" name=\"url_referer\" value=\"\"><button type=\"submit\" name=\"wpforms[submit]\" id=\"wpforms-submit-12863\" class=\"wpforms-submit\" data-alt-text=\"Skickar...\" data-submit-text=\"Skicka in\" aria-live=\"assertive\" value=\"wpforms-submit\">Skicka in<\/button><img loading=\"lazy\" decoding=\"async\" src=\"https:\/\/kunskapsforbundet.se\/app\/plugins\/wpforms\/assets\/images\/submit-spin.svg\" class=\"wpforms-submit-spinner\" style=\"display: none;\" width=\"26\" height=\"26\" alt=\"Laddar\"><\/div><\/form><\/div>  <!-- .wpforms-container -->","protected":false},"excerpt":{"rendered":"<p>Elevinflytande p\u00e5 Vuxenutbildningen Inom vuxenutbildningen arbetar vi med elevinflytande p\u00e5 m\u00e5nga olika s\u00e4tt, beroende p\u00e5 vad du studerar. Det kan t ex vara elevr\u00e5d, klassr\u00e5d, diskussionsforum, kursutv\u00e4rderingar eller elevenk\u00e4ter. \u00c4r du intresserad och tycker det h\u00e4r \u00e4r viktiga fr\u00e5gor, kontakta g\u00e4rna din rektor som kan h\u00e4nvisa dig vidare. Ge oss dina synpunkter Vi vill g\u00e4rna [&hellip;]<\/p>\n","protected":false},"author":7,"featured_media":0,"parent":0,"menu_order":0,"comment_status":"closed","ping_status":"closed","template":"","meta":{"_acf_changed":false,"footnotes":""},"class_list":["post-3499","page","type-page","status-publish","hentry"],"acf":[],"_links":{"self":[{"href":"https:\/\/kunskapsforbundet.se\/vuxenutbildningen\/wp-json\/wp\/v2\/pages\/3499","targetHints":{"allow":["GET"]}}],"collection":[{"href":"https:\/\/kunskapsforbundet.se\/vuxenutbildningen\/wp-json\/wp\/v2\/pages"}],"about":[{"href":"https:\/\/kunskapsforbundet.se\/vuxenutbildningen\/wp-json\/wp\/v2\/types\/page"}],"author":[{"embeddable":true,"href":"https:\/\/kunskapsforbundet.se\/vuxenutbildningen\/wp-json\/wp\/v2\/users\/7"}],"replies":[{"embeddable":true,"href":"https:\/\/kunskapsforbundet.se\/vuxenutbildningen\/wp-json\/wp\/v2\/comments?post=3499"}],"version-history":[{"count":18,"href":"https:\/\/kunskapsforbundet.se\/vuxenutbildningen\/wp-json\/wp\/v2\/pages\/3499\/revisions"}],"predecessor-version":[{"id":21610,"href":"https:\/\/kunskapsforbundet.se\/vuxenutbildningen\/wp-json\/wp\/v2\/pages\/3499\/revisions\/21610"}],"wp:attachment":[{"href":"https:\/\/kunskapsforbundet.se\/vuxenutbildningen\/wp-json\/wp\/v2\/media?parent=3499"}],"curies":[{"name":"wp","href":"https:\/\/api.w.org\/{rel}","templated":true}]}}