{"id":3182,"date":"2015-05-06T15:47:29","date_gmt":"2015-05-06T13:47:29","guid":{"rendered":"https:\/\/www.kunskapsforbundet.se\/vuxenutbildningen\/?page_id=3182"},"modified":"2024-09-18T13:57:10","modified_gmt":"2024-09-18T11:57:10","slug":"goda-exempel","status":"publish","type":"page","link":"https:\/\/kunskapsforbundet.se\/vuxenutbildningen\/goda-exempel\/","title":{"rendered":"Goda exempel"},"content":{"rendered":"\n<div class=\"pages__ingress pb-4 mb-0\"><p class=\"wp-block-ggb-block-feature__ingress\">H\u00e4r kan du ta del av ett urval av utbildningar som Vuxenutbildningen utf\u00f6rt p\u00e5 uppdrag fr\u00e5n f\u00f6retag, organisationer eller offentlig verksamhet.<\/p><\/div>\n\n\n\n<h2 class=\"wp-block-heading\">Nytt land, nytt spr\u00e5k och nya planer p\u00e5 studier<\/h2>\n\n\n\n<figure class=\"wp-block-image size-full\"><img loading=\"lazy\" decoding=\"async\" width=\"960\" height=\"540\" src=\"https:\/\/kunskapsforbundet.se\/app\/uploads\/sites\/6\/2023\/06\/marina_960.jpg\" alt=\"\" class=\"wp-image-19187\" srcset=\"https:\/\/kunskapsforbundet.se\/app\/uploads\/sites\/6\/2023\/06\/marina_960.jpg 960w, https:\/\/kunskapsforbundet.se\/app\/uploads\/sites\/6\/2023\/06\/marina_960-300x169.jpg 300w, https:\/\/kunskapsforbundet.se\/app\/uploads\/sites\/6\/2023\/06\/marina_960-768x432.jpg 768w\" sizes=\"auto, (max-width: 960px) 100vw, 960px\" \/><\/figure>\n\n\n\n<p>Marina Chawitou kommer fr\u00e5n Syrien och har bott i Sverige och Varg\u00f6n i cirka ett och ett halvt \u00e5r. I Syrien studerade hon och h\u00e4r hittade hon till SFI via familjecentralen Sirius. Nu har hon planer p\u00e5 nya studier inom Vuxenutbildningen med sikte p\u00e5 H\u00f6gskolan. <a href=\"https:\/\/vanersborg.se\/arkiv\/nyheter\/nyheter---2023\/2023-06-12-familjecentralen-sirius-mojliggor-for-foraldralediga-att-trana-pa-svenskan\">L\u00e4s mer om Marina h\u00e4r.<\/a><\/p>\n\n\n<h2><strong>Gymnasielagselever och yrkespaket<\/strong><\/h2>\n<p><iframe loading=\"lazy\" src=\"https:\/\/www.youtube.com\/embed\/EDQdqANptxk\" width=\"560\" height=\"315\" frameborder=\"0\" allowfullscreen=\"allowfullscreen\"><\/iframe><\/p>\n<p>I V\u00e4nersborg befann sig under h\u00f6sten 2019 m\u00e5nga ensamkommande, med anledning av Restad G\u00e5rd som d\u00e5 var ett av Sveriges st\u00f6rsta asylboenden. I januari 2020 startade Kunskapsf\u00f6rbundet fyra yrkespaket f\u00f6r de ur m\u00e5lgruppen som beviljats tillf\u00e4lliga uppeh\u00e5llstillst\u00e5nd i Sverige f\u00f6r att studera p\u00e5 gymnasieniv\u00e5, enligt den s\u00e5 kallade \u201dnya gymnasielagen&#8221;.<\/p>\n<p>Yrkespaketen hade inriktningarna hotell och restaurang, bygg, cnc och lokalv\u00e5rd. Ytterligare tv\u00e5 yrkespaket startar i januari 2021 med inriktningarna lokalv\u00e5rd och lager\/butik. Utbildningarnas l\u00e4ngd varierar men vanligast \u00e4r att utbildningen \u00e4r 1-1,5 \u00e5r.<\/p>\n<p>M\u00e5let med utbildningen \u00e4r att eleverna ska klara kurserna genom att delta aktivt under studietiden. Eleverna ska vara v\u00e4l rustade att ta anst\u00e4llning direkt efter utbildning. Av de \u00e5tta elever som avslutade lokalv\u00e5rdsutbildningen i maj 2020, var det fyra som erh\u00f6ll tillsvidare anst\u00e4llningar inom 4 m\u00e5nader. Ytterligare elever \u00e4r p\u00e5 v\u00e4g ut i arbetslivet inf\u00f6r sommaren 2021.<\/p>\n<p>Teoretiska kurser integreras med yrkeskurser som har mer praktiska inslag i s\u00e5 stor utstr\u00e4ckning som m\u00f6jligt. I praktiken m\u00e4rks det genom att yrkesrelaterad matematik och svenska undervisas i bygglokalen, i cnc-verkstaden eller i metodk\u00f6ket. I Kunskapsf\u00f6rbundets yrkespaket ing\u00e5r ocks\u00e5 orienteringskurs i Yrkessvenska i syfte att utveckla ett vardagligt och formellt yrkesspr\u00e5k, kunskap om facktermer och informationss\u00f6kning.\u00a0D\u00e4rf\u00f6r arbetar l\u00e4rare i yrkespaketen i arbetslag. Arbetslagen och eleverna har dessutom tillg\u00e5ng till studiehandledare, kurator, socialpedagog, jobbcoacher och studie- och yrkesv\u00e4gledare.<\/p>","protected":false},"excerpt":{"rendered":"<p>Nytt land, nytt spr\u00e5k och nya planer p\u00e5 studier Marina Chawitou kommer fr\u00e5n Syrien och har bott i Sverige och Varg\u00f6n i cirka ett och ett halvt \u00e5r. I Syrien studerade hon och h\u00e4r hittade hon till SFI via familjecentralen Sirius. Nu har hon planer p\u00e5 nya studier inom Vuxenutbildningen med sikte p\u00e5 H\u00f6gskolan. L\u00e4s [&hellip;]<\/p>\n","protected":false},"author":7,"featured_media":0,"parent":0,"menu_order":0,"comment_status":"closed","ping_status":"closed","template":"","meta":{"_acf_changed":false,"footnotes":""},"class_list":["post-3182","page","type-page","status-publish","hentry"],"acf":[],"_links":{"self":[{"href":"https:\/\/kunskapsforbundet.se\/vuxenutbildningen\/wp-json\/wp\/v2\/pages\/3182","targetHints":{"allow":["GET"]}}],"collection":[{"href":"https:\/\/kunskapsforbundet.se\/vuxenutbildningen\/wp-json\/wp\/v2\/pages"}],"about":[{"href":"https:\/\/kunskapsforbundet.se\/vuxenutbildningen\/wp-json\/wp\/v2\/types\/page"}],"author":[{"embeddable":true,"href":"https:\/\/kunskapsforbundet.se\/vuxenutbildningen\/wp-json\/wp\/v2\/users\/7"}],"replies":[{"embeddable":true,"href":"https:\/\/kunskapsforbundet.se\/vuxenutbildningen\/wp-json\/wp\/v2\/comments?post=3182"}],"version-history":[{"count":20,"href":"https:\/\/kunskapsforbundet.se\/vuxenutbildningen\/wp-json\/wp\/v2\/pages\/3182\/revisions"}],"predecessor-version":[{"id":23391,"href":"https:\/\/kunskapsforbundet.se\/vuxenutbildningen\/wp-json\/wp\/v2\/pages\/3182\/revisions\/23391"}],"wp:attachment":[{"href":"https:\/\/kunskapsforbundet.se\/vuxenutbildningen\/wp-json\/wp\/v2\/media?parent=3182"}],"curies":[{"name":"wp","href":"https:\/\/api.w.org\/{rel}","templated":true}]}}