{"id":26418,"date":"2025-09-05T11:49:33","date_gmt":"2025-09-05T09:49:33","guid":{"rendered":"https:\/\/kunskapsforbundet.se\/vuxenutbildningen\/?page_id=26418"},"modified":"2026-03-27T10:39:19","modified_gmt":"2026-03-27T09:39:19","slug":"fritt-sok","status":"publish","type":"page","link":"https:\/\/kunskapsforbundet.se\/vuxenutbildningen\/fritt-sok\/","title":{"rendered":"Fritt s\u00f6k"},"content":{"rendered":"\n<div class=\"pages__ingress pb-4 mb-0\"><p class=\"wp-block-ggb-block-feature__ingress\">Uppt\u00e4ck m\u00f6jligheterna med fritt S\u00f6k \u2013 ett st\u00f6rre utbud av yrkesutbildningar f\u00f6r vuxna.<\/p><\/div>\n\n\n\n<p>Nu har du som bor i Trollh\u00e4ttan, V\u00e4nersborg, Uddevalla eller Orust <strong><em>Fritt s\u00f6k<\/em><\/strong> i utbudet av yrkesutbildningar f\u00f6r vuxna. V\u00e4lj mellan flera olika branscher och utforska din yrkesdr\u00f6m. Alla v\u00e5ra yrkesutbildningar \u00e4r anpassade efter arbetslivets behov och f\u00f6r dig som s\u00f6ker ett jobb eller vill yrkesv\u00e4xla och byta yrke helt.<\/p>\n\n\n\n<p>Genom v\u00e5rt gemensamma samarbete str\u00e4var vi efter att erbjuda \u00e4nnu fler yrkesutbildningar f\u00f6r vuxna. Fritt s\u00f6k st\u00e4rker dina utbildningsm\u00f6jligheter i v\u00e5ra kommuner. Utforska hela utbudet av yrkesutbildning f\u00f6r vuxna p\u00e5 v\u00e5ra webbplatser.<\/p>\n\n\n\n<p>Nedan hittar du ans\u00f6kningsperioder som g\u00e4ller f\u00f6r yrkesutbildning f\u00f6r vuxna inom Fritt s\u00f6k.<\/p>\n\n\n\n<h3 class=\"wp-block-heading\"><strong>Ans\u00f6kningsperioder 2026<\/strong><\/h3>\n\n\n\n<ul class=\"wp-block-list\">\n<li>Start augusti 2026: Ans\u00f6kan \u00f6ppen 15 april \u2013 31 maj<\/li>\n\n\n\n<li>Start oktober 2026:<strong> <\/strong>1 augusti &#8211; 31 augusti<strong> <\/strong>(endast Uddevalla Vuxenutbildning)<\/li>\n\n\n\n<li>Start januari 2027: Ans\u00f6kan \u00f6ppen 15 oktober \u2013 30 november <\/li>\n<\/ul>\n\n\n\n<div style=\"height:23px\" aria-hidden=\"true\" class=\"wp-block-spacer\"><\/div>\n\n\n\n<h2 class=\"wp-block-heading\">Hitta din yrkesutbildning h\u00e4r<\/h2>\n\n\n\n<div class=\"wp-block-buttons is-layout-flex wp-block-buttons-is-layout-flex\">\n<div class=\"wp-block-button has-custom-width wp-block-button__width-100\"><a class=\"wp-block-button__link has-background wp-element-button\" href=\"https:\/\/kunskapsforbundet.se\/vuxenutbildningen\/yrkesutbildning-yrkesvux\/\" style=\"border-radius:0px;background-color:#5a8cd2\">Vuxenutbildningen Trollh\u00e4ttan\/V\u00e4nersborg<\/a><\/div>\n\n\n\n<div class=\"wp-block-button has-custom-width wp-block-button__width-100\"><a class=\"wp-block-button__link has-background wp-element-button\" href=\"https:\/\/uddevallavuxenutbildning.se\/utbildning\/komvux\/yrkesutbildning\" style=\"border-radius:0px;background-color:#5a8cd2\">Vuxenutbildningen Uddevalla<\/a><\/div>\n\n\n\n<div class=\"wp-block-button has-custom-width wp-block-button__width-100\"><a class=\"wp-block-button__link has-background wp-element-button\" href=\"https:\/\/www.orust.se\/utbildning-och-barnomsorg\/vuxenutbildning\/utbildningar\/yrkesutbildningar\" style=\"border-radius:0px;background-color:#5a8cd2\">Vuxenutbildningen Orust<\/a><\/div>\n<\/div>\n\n\n\n<p><\/p>\n","protected":false},"excerpt":{"rendered":"<p>Nu har du som bor i Trollh\u00e4ttan, V\u00e4nersborg, Uddevalla eller Orust Fritt s\u00f6k i utbudet av yrkesutbildningar f\u00f6r vuxna. V\u00e4lj mellan flera olika branscher och utforska din yrkesdr\u00f6m. Alla v\u00e5ra yrkesutbildningar \u00e4r anpassade efter arbetslivets behov och f\u00f6r dig som s\u00f6ker ett jobb eller vill yrkesv\u00e4xla och byta yrke helt. Genom v\u00e5rt gemensamma samarbete str\u00e4var [&hellip;]<\/p>\n","protected":false},"author":7,"featured_media":26469,"parent":0,"menu_order":0,"comment_status":"closed","ping_status":"closed","template":"","meta":{"_acf_changed":false,"footnotes":""},"class_list":["post-26418","page","type-page","status-publish","has-post-thumbnail","hentry"],"acf":[],"_links":{"self":[{"href":"https:\/\/kunskapsforbundet.se\/vuxenutbildningen\/wp-json\/wp\/v2\/pages\/26418","targetHints":{"allow":["GET"]}}],"collection":[{"href":"https:\/\/kunskapsforbundet.se\/vuxenutbildningen\/wp-json\/wp\/v2\/pages"}],"about":[{"href":"https:\/\/kunskapsforbundet.se\/vuxenutbildningen\/wp-json\/wp\/v2\/types\/page"}],"author":[{"embeddable":true,"href":"https:\/\/kunskapsforbundet.se\/vuxenutbildningen\/wp-json\/wp\/v2\/users\/7"}],"replies":[{"embeddable":true,"href":"https:\/\/kunskapsforbundet.se\/vuxenutbildningen\/wp-json\/wp\/v2\/comments?post=26418"}],"version-history":[{"count":17,"href":"https:\/\/kunskapsforbundet.se\/vuxenutbildningen\/wp-json\/wp\/v2\/pages\/26418\/revisions"}],"predecessor-version":[{"id":29797,"href":"https:\/\/kunskapsforbundet.se\/vuxenutbildningen\/wp-json\/wp\/v2\/pages\/26418\/revisions\/29797"}],"wp:featuredmedia":[{"embeddable":true,"href":"https:\/\/kunskapsforbundet.se\/vuxenutbildningen\/wp-json\/wp\/v2\/media\/26469"}],"wp:attachment":[{"href":"https:\/\/kunskapsforbundet.se\/vuxenutbildningen\/wp-json\/wp\/v2\/media?parent=26418"}],"curies":[{"name":"wp","href":"https:\/\/api.w.org\/{rel}","templated":true}]}}