{"id":26414,"date":"2025-09-04T15:57:35","date_gmt":"2025-09-04T13:57:35","guid":{"rendered":"https:\/\/kunskapsforbundet.se\/vuxenutbildningen\/?page_id=26414"},"modified":"2026-01-07T09:21:35","modified_gmt":"2026-01-07T08:21:35","slug":"mittpunkt-vuxenstudier","status":"publish","type":"page","link":"https:\/\/kunskapsforbundet.se\/vuxenutbildningen\/mittpunkt-vuxenstudier\/","title":{"rendered":"Mittpunkt &#8211; vuxenstudier"},"content":{"rendered":"\n<div class=\"pages__ingress pb-4 mb-0\"><p class=\"wp-block-ggb-block-feature__ingress\">Nu har du som f\u00f6retag, verksamhet, myndighet eller organisation m\u00f6jlighet att tr\u00e4ffa v\u00e5ra studerande &#8211; i mittpunkten av v\u00e5ra vuxenstudier. Boka in en monterplats p\u00e5 en av v\u00e5rens tre tillf\u00e4llen. Vi ses i Mittpunkt! <\/p><\/div>\n\n\n\n<p>Har du ett f\u00f6retag, en verksamhet eller organisation som vill n\u00e5 vuxna som studerar vidare? Kanske vill du inspirera till ett nytt yrkesval, knyta kontakter inf\u00f6r framtiden eller st\u00f6tta studeranden med fr\u00e5gor kring ekonomi eller h\u00e4lsa? Nu har vi ett fint erbjudande till dig! <\/p>\n\n\n\n<p>Mittpunkt &#8211; Vuxenstudier \u00e4r en \u00e5terkommande aktivitet d\u00e4r du har m\u00f6jlighet att under en f\u00f6rmiddag f\u00e5 en monterplats i v\u00e5r stora elevyta p\u00e5 v\u00e5r Vuxenutbildning. Du f\u00e5r ett monterbord, m\u00f6jlighet att placera ut din roll-up och annat informationsmaterial och tillsammans med tre andra akt\u00f6rer prata med v\u00e5ra vuxenstuderande. <\/p>\n\n\n\n<h2 class=\"wp-block-heading\">V\u00e5rens tider<\/h2>\n\n\n\n<p>28 januari, klockan 11.00-13.00<br>25 februari, klockan 11.00-13.00<br>25 mars, klockan 11.00-13.00<\/p>\n\n\n\n<div class=\"wp-block-buttons is-layout-flex wp-block-buttons-is-layout-flex\">\n<div class=\"wp-block-button\"><a class=\"wp-block-button__link has-black-color has-pale-pink-background-color has-text-color has-background has-link-color wp-element-button\" href=\"https:\/\/minasidor.kunskapsforbundet.se\/285\" style=\"border-radius:3px\">Boka dig h\u00e4r<\/a><\/div>\n<\/div>\n\n\n\n<p>Har du fr\u00e5gor om<strong><em> Mittpunkt &#8211; Vuxenstudier<\/em><\/strong> kan du kontakta v\u00e5r utbildningskoordinator Martina (kontaktuppgifter till h\u00f6ger). <\/p>\n\n\n\n<p><\/p>\n","protected":false},"excerpt":{"rendered":"<p>Har du ett f\u00f6retag, en verksamhet eller organisation som vill n\u00e5 vuxna som studerar vidare? Kanske vill du inspirera till ett nytt yrkesval, knyta kontakter inf\u00f6r framtiden eller st\u00f6tta studeranden med fr\u00e5gor kring ekonomi eller h\u00e4lsa? Nu har vi ett fint erbjudande till dig! Mittpunkt &#8211; Vuxenstudier \u00e4r en \u00e5terkommande aktivitet d\u00e4r du har m\u00f6jlighet [&hellip;]<\/p>\n","protected":false},"author":34,"featured_media":26415,"parent":0,"menu_order":0,"comment_status":"closed","ping_status":"closed","template":"","meta":{"_acf_changed":false,"footnotes":""},"class_list":["post-26414","page","type-page","status-publish","has-post-thumbnail","hentry"],"acf":[],"_links":{"self":[{"href":"https:\/\/kunskapsforbundet.se\/vuxenutbildningen\/wp-json\/wp\/v2\/pages\/26414","targetHints":{"allow":["GET"]}}],"collection":[{"href":"https:\/\/kunskapsforbundet.se\/vuxenutbildningen\/wp-json\/wp\/v2\/pages"}],"about":[{"href":"https:\/\/kunskapsforbundet.se\/vuxenutbildningen\/wp-json\/wp\/v2\/types\/page"}],"author":[{"embeddable":true,"href":"https:\/\/kunskapsforbundet.se\/vuxenutbildningen\/wp-json\/wp\/v2\/users\/34"}],"replies":[{"embeddable":true,"href":"https:\/\/kunskapsforbundet.se\/vuxenutbildningen\/wp-json\/wp\/v2\/comments?post=26414"}],"version-history":[{"count":3,"href":"https:\/\/kunskapsforbundet.se\/vuxenutbildningen\/wp-json\/wp\/v2\/pages\/26414\/revisions"}],"predecessor-version":[{"id":27950,"href":"https:\/\/kunskapsforbundet.se\/vuxenutbildningen\/wp-json\/wp\/v2\/pages\/26414\/revisions\/27950"}],"wp:featuredmedia":[{"embeddable":true,"href":"https:\/\/kunskapsforbundet.se\/vuxenutbildningen\/wp-json\/wp\/v2\/media\/26415"}],"wp:attachment":[{"href":"https:\/\/kunskapsforbundet.se\/vuxenutbildningen\/wp-json\/wp\/v2\/media?parent=26414"}],"curies":[{"name":"wp","href":"https:\/\/api.w.org\/{rel}","templated":true}]}}