{"id":26252,"date":"2025-08-28T15:37:50","date_gmt":"2025-08-28T13:37:50","guid":{"rendered":"https:\/\/kunskapsforbundet.se\/vuxenutbildningen\/?page_id=26252"},"modified":"2025-09-02T12:22:26","modified_gmt":"2025-09-02T10:22:26","slug":"yrkesutbildning-larling","status":"publish","type":"page","link":"https:\/\/kunskapsforbundet.se\/vuxenutbildningen\/yrkesutbildning-larling\/","title":{"rendered":"Yrkesutbildning &#8211; L\u00e4rling"},"content":{"rendered":"\n<div class=\"pages__ingress pb-4 mb-0\"><p class=\"wp-block-ggb-block-feature__ingress\">L\u00e4rlingsutbildning syftar till att ge dig en grundl\u00e4ggande yrkesutbildning, \u00f6kad arbetslivserfarenhet, och m\u00f6jlighet att under en handledares ledning, p\u00e5 en arbetsplats, f\u00e5 kunskaper inom ett yrkesomr\u00e5de.<\/p><\/div>\n\n\n\n<h2 class=\"wp-block-heading\">L\u00e5t arbetsplatsen bli ditt klassrum!<\/h2>\n\n\n\n<p>I en l\u00e4rlingsutbildning samverkar skola och arbetsliv. P\u00e5 arbetsplatsen f\u00e5r du en handledare som ansvarar f\u00f6r ditt l\u00e4rande och din yrkesm\u00e4ssiga utveckling. Skolan s\u00e4kerst\u00e4ller att du f\u00e5r kunskaper och f\u00e4rdigheter enligt utbildningens m\u00e5l. Samtal om och uppf\u00f6ljning av ditt l\u00e4rande sker kontinuerligt mellan dig, din handledare och din yrkesl\u00e4rare.<\/p>\n\n\n\n<p><\/p>\n","protected":false},"excerpt":{"rendered":"<p>L\u00e5t arbetsplatsen bli ditt klassrum! I en l\u00e4rlingsutbildning samverkar skola och arbetsliv. P\u00e5 arbetsplatsen f\u00e5r du en handledare som ansvarar f\u00f6r ditt l\u00e4rande och din yrkesm\u00e4ssiga utveckling. Skolan s\u00e4kerst\u00e4ller att du f\u00e5r kunskaper och f\u00e4rdigheter enligt utbildningens m\u00e5l. Samtal om och uppf\u00f6ljning av ditt l\u00e4rande sker kontinuerligt mellan dig, din handledare och din yrkesl\u00e4rare.<\/p>\n","protected":false},"author":7,"featured_media":0,"parent":0,"menu_order":0,"comment_status":"closed","ping_status":"closed","template":"page-program-portal.php","meta":{"_acf_changed":false,"footnotes":""},"class_list":["post-26252","page","type-page","status-publish","hentry"],"acf":[],"_links":{"self":[{"href":"https:\/\/kunskapsforbundet.se\/vuxenutbildningen\/wp-json\/wp\/v2\/pages\/26252","targetHints":{"allow":["GET"]}}],"collection":[{"href":"https:\/\/kunskapsforbundet.se\/vuxenutbildningen\/wp-json\/wp\/v2\/pages"}],"about":[{"href":"https:\/\/kunskapsforbundet.se\/vuxenutbildningen\/wp-json\/wp\/v2\/types\/page"}],"author":[{"embeddable":true,"href":"https:\/\/kunskapsforbundet.se\/vuxenutbildningen\/wp-json\/wp\/v2\/users\/7"}],"replies":[{"embeddable":true,"href":"https:\/\/kunskapsforbundet.se\/vuxenutbildningen\/wp-json\/wp\/v2\/comments?post=26252"}],"version-history":[{"count":8,"href":"https:\/\/kunskapsforbundet.se\/vuxenutbildningen\/wp-json\/wp\/v2\/pages\/26252\/revisions"}],"predecessor-version":[{"id":26361,"href":"https:\/\/kunskapsforbundet.se\/vuxenutbildningen\/wp-json\/wp\/v2\/pages\/26252\/revisions\/26361"}],"wp:attachment":[{"href":"https:\/\/kunskapsforbundet.se\/vuxenutbildningen\/wp-json\/wp\/v2\/media?parent=26252"}],"curies":[{"name":"wp","href":"https:\/\/api.w.org\/{rel}","templated":true}]}}