{"id":17905,"date":"2023-01-25T11:55:09","date_gmt":"2023-01-25T10:55:09","guid":{"rendered":"https:\/\/kunskapsforbundet.se\/vuxenutbildningen\/?page_id=17905"},"modified":"2024-07-04T10:33:58","modified_gmt":"2024-07-04T08:33:58","slug":"samverkansprojekt","status":"publish","type":"page","link":"https:\/\/kunskapsforbundet.se\/vuxenutbildningen\/samverkansprojekt\/","title":{"rendered":"Samverkansprojekt"},"content":{"rendered":"\n<div class=\"pages__ingress pb-4 mb-0\"><p>Vuxenutbildningen deltar i olika samverkansprojekt. H\u00e4r kan du ta del av och l\u00e4sa mer om dessa projekt.<\/p><\/div>\n\n\n\n<p>Vuxenutbildningen ing\u00e5r i n\u00e4tverksorganisationen Westum som best\u00e5r av kommunala l\u00e4rcentra och vuxenutbildningar i V\u00e4stsverige. Westum arbetar f\u00f6r att f\u00f6rb\u00e4ttra samarbetet mellan n\u00e4ringsliv, arbetsmarknad och utbildning f\u00f6r att st\u00e4rka det lokala kompetensutvecklingsbehovet samt intern kompetensutveckling.<\/p>\n\n\n\n<p><strong>Westums fokusomr\u00e5den \u00e4r:<\/strong> Strategisk kompetensf\u00f6rs\u00f6rjning, flexibla utbildningskoncept, internationalisering samt st\u00e4rka n\u00e4tverk och intern kompetensutveckling.<a href=\"https:\/\/www.westum.se\/\" target=\"_blank\" rel=\"noreferrer noopener\"> <em>Du kan l\u00e4sa mer om Westum h\u00e4r.<\/em><\/a><\/p>\n\n\n\n<h2 class=\"wp-block-heading\">P\u00e5g\u00e5ende samverkansprojekt p\u00e5 Vuxenutbildningen<\/h2>\n\n\n\n<p>N\u00e4r det finns p\u00e5g\u00e5ende projekt p\u00e5 Vuxenutbildningen kan du l\u00e4sa om dessa h\u00e4r.<\/p>\n\n\n\n<h3 class=\"wp-block-heading has-text-align-center\">Projekt: Helhetslyftet<\/h3>\n\n\n\n<div class=\"wp-block-buttons is-layout-flex wp-block-buttons-is-layout-flex\">\n<div class=\"wp-block-button has-custom-width wp-block-button__width-100\"><a class=\"wp-block-button__link has-black-color has-text-color has-background wp-element-button\" href=\"https:\/\/kunskapsforbundet.se\/vuxenutbildningen\/projekt-helhetslyftet\/\" style=\"background-color:#e1d9ec\" target=\"_blank\" rel=\"noreferrer noopener\">Klicka h\u00e4r f\u00f6r att l\u00e4sa mer om: Helhetslyftet<\/a><\/div>\n<\/div>\n\n\n\n<p>Helhetslyftet erbjuder insatser f\u00f6r tredjelandsmedborgare f\u00f6r att st\u00e4rka spr\u00e5kutveckling i svenska, f\u00f6rbereda f\u00f6r intr\u00e4de p\u00e5 arbetsmarknaden och \u00f6ka k\u00e4nslan av delaktighet i samh\u00e4llet.<\/p>\n\n\n\n<h3 class=\"wp-block-heading has-text-align-center\">Projekt: React EU &#8211; Get ready in West<\/h3>\n\n\n\n<div class=\"wp-block-buttons is-layout-flex wp-block-buttons-is-layout-flex\">\n<div class=\"wp-block-button has-custom-width wp-block-button__width-100\"><a class=\"wp-block-button__link has-black-color has-text-color has-background wp-element-button\" href=\"https:\/\/kunskapsforbundet.se\/vuxenutbildningen\/projekt-get-ready\/\" style=\"background-color:#e1d9ec\"><em>Klicka h\u00e4r f\u00f6r att l\u00e4sa mer om: Get ready in West<\/em><\/a><\/div>\n<\/div>\n\n\n\n<p>Om du har blivit arbetsl\u00f6s efter 11 mars 2020 p\u00e5 grund av pandemin kan Vuxenutbildningen hj\u00e4lpa dig genom att introducera, underl\u00e4tta och f\u00f6rbereda dig inf\u00f6r studier eller jobb<\/p>\n\n\n\n<h3 class=\"wp-block-heading has-text-align-center\">Projekt: FramtidWest &#8211; FutureWest<\/h3>\n\n\n\n<div class=\"wp-block-buttons is-layout-flex wp-block-buttons-is-layout-flex\">\n<div class=\"wp-block-button has-custom-width wp-block-button__width-100\"><a class=\"wp-block-button__link has-black-color has-text-color has-background wp-element-button\" href=\"https:\/\/kunskapsforbundet.se\/vuxenutbildningen\/projekt-framtidwest\/\" style=\"background-color:#e1d9ec\"><em>Klicka h\u00e4r f\u00f6r att l\u00e4sa mer om: FramtidWest<\/em><\/a><\/div>\n<\/div>\n\n\n\n<p>Projektet st\u00e5r f\u00f6r det gemensamma m\u00e5let att skapa morgondagens anst\u00e4llda med fokus p\u00e5 framtida arbetsmetoder, yrkesprofiler, arbetsf\u00f6rh\u00e5llanden i samarbete med lokala n\u00e4ringslivet och europiska partner.<\/p>\n\n\n<\/p>\n<p><\/p>","protected":false},"excerpt":{"rendered":"<p>Vuxenutbildningen ing\u00e5r i n\u00e4tverksorganisationen Westum som best\u00e5r av kommunala l\u00e4rcentra och vuxenutbildningar i V\u00e4stsverige. Westum arbetar f\u00f6r att f\u00f6rb\u00e4ttra samarbetet mellan n\u00e4ringsliv, arbetsmarknad och utbildning f\u00f6r att st\u00e4rka det lokala kompetensutvecklingsbehovet samt intern kompetensutveckling. Westums fokusomr\u00e5den \u00e4r: Strategisk kompetensf\u00f6rs\u00f6rjning, flexibla utbildningskoncept, internationalisering samt st\u00e4rka n\u00e4tverk och intern kompetensutveckling. Du kan l\u00e4sa mer om Westum h\u00e4r. [&hellip;]<\/p>\n","protected":false},"author":7,"featured_media":17929,"parent":0,"menu_order":0,"comment_status":"closed","ping_status":"closed","template":"","meta":{"_acf_changed":false,"footnotes":""},"class_list":["post-17905","page","type-page","status-publish","has-post-thumbnail","hentry"],"acf":[],"_links":{"self":[{"href":"https:\/\/kunskapsforbundet.se\/vuxenutbildningen\/wp-json\/wp\/v2\/pages\/17905","targetHints":{"allow":["GET"]}}],"collection":[{"href":"https:\/\/kunskapsforbundet.se\/vuxenutbildningen\/wp-json\/wp\/v2\/pages"}],"about":[{"href":"https:\/\/kunskapsforbundet.se\/vuxenutbildningen\/wp-json\/wp\/v2\/types\/page"}],"author":[{"embeddable":true,"href":"https:\/\/kunskapsforbundet.se\/vuxenutbildningen\/wp-json\/wp\/v2\/users\/7"}],"replies":[{"embeddable":true,"href":"https:\/\/kunskapsforbundet.se\/vuxenutbildningen\/wp-json\/wp\/v2\/comments?post=17905"}],"version-history":[{"count":36,"href":"https:\/\/kunskapsforbundet.se\/vuxenutbildningen\/wp-json\/wp\/v2\/pages\/17905\/revisions"}],"predecessor-version":[{"id":22884,"href":"https:\/\/kunskapsforbundet.se\/vuxenutbildningen\/wp-json\/wp\/v2\/pages\/17905\/revisions\/22884"}],"wp:featuredmedia":[{"embeddable":true,"href":"https:\/\/kunskapsforbundet.se\/vuxenutbildningen\/wp-json\/wp\/v2\/media\/17929"}],"wp:attachment":[{"href":"https:\/\/kunskapsforbundet.se\/vuxenutbildningen\/wp-json\/wp\/v2\/media?parent=17905"}],"curies":[{"name":"wp","href":"https:\/\/api.w.org\/{rel}","templated":true}]}}