{"id":17217,"date":"2022-10-04T13:04:50","date_gmt":"2022-10-04T11:04:50","guid":{"rendered":"https:\/\/kunskapsforbundet.se\/vuxenutbildningen\/?page_id=17217"},"modified":"2025-11-12T10:29:56","modified_gmt":"2025-11-12T09:29:56","slug":"digitala-hjalpmedel","status":"publish","type":"page","link":"https:\/\/kunskapsforbundet.se\/vuxenutbildningen\/digitala-hjalpmedel\/","title":{"rendered":"Digitala hj\u00e4lpmedel"},"content":{"rendered":"\n<div class=\"pages__ingress pb-4 mb-0\"><p class=\"wp-block-ggb-block-feature__ingress\">H\u00e4r hittar du digitala verktyg som du har tillg\u00e5ng till p\u00e5 Vuxenutbildningen.<\/p><\/div>\n\n\n\n<h2 class=\"wp-block-heading\">LexiFlow<\/h2>\n\n\n\n<div class=\"wp-block-buttons is-layout-flex wp-block-buttons-is-layout-flex\">\n<div class=\"wp-block-button has-custom-width wp-block-button__width-100\"><a class=\"wp-block-button__link has-black-color has-text-color has-background wp-element-button\" href=\"https:\/\/www.oribi.se\/support\/lexiflow-support\/\" style=\"background-color:#e1d9ec\">LexiFlow &#8211; l\u00e4nk till informationsfilmer<\/a><\/div>\n<\/div>\n\n\n\n<p>LexiFlow \u00e4r ett till\u00e4gg f\u00f6r Google Chrome som hj\u00e4lper dig att f\u00e5 text uppl\u00e4st direkt i webbl\u00e4saren. Du kan f\u00e5 texten uppl\u00e4st genom att markera den, anv\u00e4nda muspekaren eller klicka p\u00e5 texten. LexiFlow fungerar b\u00e5de p\u00e5 webbsidor och i Google Dokument, och har mark\u00f6rmedf\u00f6ljning som g\u00f6r det l\u00e4ttare att f\u00f6lja med i texten visuellt.<\/p>\n\n\n\n<h2 class=\"wp-block-heading\">SkrivaText<\/h2>\n\n\n\n<div class=\"wp-block-buttons is-layout-flex wp-block-buttons-is-layout-flex\">\n<div class=\"wp-block-button has-custom-width wp-block-button__width-100\"><a class=\"wp-block-button__link has-black-color has-text-color has-background has-link-color wp-element-button\" href=\"https:\/\/www.oribi.se\/support\/skrivatext-support\/\" style=\"background-color:#e1d9ec\">SkrivaText &#8211; l\u00e4nk till instruktionsfilmer<\/a><\/div>\n<\/div>\n\n\n\n<p>SkrivaText \u00e4r ett digitalt skrivverktyg som ger st\u00f6d under skrivprocessen. Det hj\u00e4lper dig att strukturera dina texter med hj\u00e4lp av tydliga skrivmallar, st\u00f6dfr\u00e5gor och exempel. Verktyget passar b\u00e5de f\u00f6r enklare och mer avancerade texter, och \u00e4r s\u00e4rskilt anv\u00e4ndbart f\u00f6r elever som beh\u00f6ver v\u00e4gledning i hur man bygger upp en text steg f\u00f6r steg.<\/p>\n\n\n\n<h2 class=\"wp-block-heading\">Inl\u00e4sningstj\u00e4nst<\/h2>\n\n\n\n<div class=\"wp-block-buttons is-layout-flex wp-block-buttons-is-layout-flex\">\n<div class=\"wp-block-button has-custom-width wp-block-button__width-100\"><a class=\"wp-block-button__link has-black-color has-text-color has-background wp-element-button\" href=\"https:\/\/www.youtube.com\/watch?v=V42KmmvGEAU\" style=\"background-color:#e1d9ec\" target=\"_blank\" rel=\"noreferrer noopener\">Informationsfilm: Inl\u00e4sningstj\u00e4nst<\/a><\/div>\n<\/div>\n\n\n\n<p>Kunskapsf\u00f6rbundet har avtal med Inl\u00e4sningstj\u00e4nst, vilket inneb\u00e4r att du som elev kostnadsfritt kan lyssna p\u00e5 en stor m\u00e4ngd litteratur.<\/p>\n\n\n\n<h2 class=\"wp-block-heading\">Informationsfilmer<\/h2>\n\n\n\n<div class=\"wp-block-buttons is-layout-flex wp-block-buttons-is-layout-flex\">\n<div class=\"wp-block-button has-custom-width wp-block-button__width-100\"><a class=\"wp-block-button__link has-black-color has-text-color has-background wp-element-button\" href=\"https:\/\/www.youtube.com\/channel\/UCTy5vZcO_qZ_BViqrvGcLhQ\/videos\" style=\"background-color:#e1d9ec\" target=\"_blank\" rel=\"noreferrer noopener\">Klicka h\u00e4r f\u00f6r Youtubekanal &amp; informationsfilmer<\/a><\/div>\n<\/div>\n\n\n\n<p>Vi har en youtubekanal d\u00e4r vi publicerar informationsfilmer om skolans olika digitala verktyg.<\/p>\n\n\n\n<h2 class=\"wp-block-heading\">R\u00f6stinmatning<\/h2>\n\n\n\n<div class=\"wp-block-buttons is-layout-flex wp-block-buttons-is-layout-flex\">\n<div class=\"wp-block-button has-custom-width wp-block-button__width-100\"><a class=\"wp-block-button__link has-black-color has-text-color has-background wp-element-button\" href=\"https:\/\/support.google.com\/docs\/answer\/4492226?hl=sv\" style=\"background-color:#e1d9ec\">Informationsfilm: R\u00f6stinmatning i Google dokument<\/a><\/div>\n<\/div>\n\n\n\n<p>I verktygen Google Dokument och Presentationer har du tillg\u00e5ng till r\u00f6stinmatning. Klicka p\u00e5\u00a0verktyg\u00a0i menyn och sedan\u00a0r\u00f6stinmatning. D\u00e5 kan du tala in text i ett dokument eller i en presentation.<\/p>\n\n\n\n<div style=\"height:21px\" aria-hidden=\"true\" class=\"wp-block-spacer\"><\/div>\n\n\n\n<hr class=\"wp-block-separator has-text-color has-black-color has-alpha-channel-opacity has-black-background-color has-background\"\/>\n\n\n\n<div style=\"height:21px\" aria-hidden=\"true\" class=\"wp-block-spacer\"><\/div>\n\n\n\n<h2 class=\"wp-block-heading has-black-color has-text-color\">Har du behov av ytterligare kompensatoriska verktyg?<\/h2>\n\n\n\n<div style=\"height:34px\" aria-hidden=\"true\" class=\"wp-block-spacer\"><\/div>\n\n\n\n<h2 class=\"wp-block-heading\">Kurator och specialpedagog<\/h2>\n\n\n\n<p>Om du har behov av ytterligare kompensatoriska verktyg kan du ta kontakt med elevst\u00f6d. Du hittar kontaktuppgifter till elevst\u00f6d &#8211; anv\u00e4nd knappen nedan.<\/p>\n\n\n\n<div class=\"wp-block-buttons is-layout-flex wp-block-buttons-is-layout-flex\">\n<div class=\"wp-block-button has-custom-width wp-block-button__width-100\"><a class=\"wp-block-button__link has-black-color has-text-color has-background wp-element-button\" href=\"https:\/\/kunskapsforbundet.se\/vuxenutbildningen\/elevstod\/\" style=\"background-color:#ffa0af\"><i class=\"icon fa fa-arrow-circle-right\" aria-hidden=\"true\">  <\/i>Boka en tid hos elevst\u00f6d<\/a><\/div>\n<\/div>\n\n\n\n<div style=\"height:53px\" aria-hidden=\"true\" class=\"wp-block-spacer\"><\/div>\n\n\n\n<h2 class=\"wp-block-heading\">Studiehallen<\/h2>\n\n\n\n<p>Studiehallen riktar sig till studerande som vill ha lite extra st\u00f6d utanf\u00f6r lektionstid. . Som elev beh\u00f6ver du endast ta med penna, papper och eventuella uppgifter du f\u00e5tt fr\u00e5n din l\u00e4rare. Ta g\u00e4rna med egen dator.<\/p>\n\n\n\n<div class=\"wp-block-buttons is-layout-flex wp-block-buttons-is-layout-flex\">\n<div class=\"wp-block-button has-custom-width wp-block-button__width-100\"><a class=\"wp-block-button__link has-black-color has-text-color has-background wp-element-button\" href=\"https:\/\/kunskapsforbundet.se\/vuxenutbildningen\/studiehallen\/\" style=\"background-color:#ffa0af\"><i class=\"icon fa fa-arrow-circle-right\" aria-hidden=\"true\"> <\/i>Klicka h\u00e4r f\u00f6r: Schema &amp; mer information om studiehallen<\/a><\/div>\n<\/div>\n","protected":false},"excerpt":{"rendered":"<p>LexiFlow LexiFlow \u00e4r ett till\u00e4gg f\u00f6r Google Chrome som hj\u00e4lper dig att f\u00e5 text uppl\u00e4st direkt i webbl\u00e4saren. Du kan f\u00e5 texten uppl\u00e4st genom att markera den, anv\u00e4nda muspekaren eller klicka p\u00e5 texten. LexiFlow fungerar b\u00e5de p\u00e5 webbsidor och i Google Dokument, och har mark\u00f6rmedf\u00f6ljning som g\u00f6r det l\u00e4ttare att f\u00f6lja med i texten visuellt. [&hellip;]<\/p>\n","protected":false},"author":7,"featured_media":17139,"parent":0,"menu_order":0,"comment_status":"closed","ping_status":"closed","template":"","meta":{"_acf_changed":false,"footnotes":""},"class_list":["post-17217","page","type-page","status-publish","has-post-thumbnail","hentry"],"acf":[],"_links":{"self":[{"href":"https:\/\/kunskapsforbundet.se\/vuxenutbildningen\/wp-json\/wp\/v2\/pages\/17217","targetHints":{"allow":["GET"]}}],"collection":[{"href":"https:\/\/kunskapsforbundet.se\/vuxenutbildningen\/wp-json\/wp\/v2\/pages"}],"about":[{"href":"https:\/\/kunskapsforbundet.se\/vuxenutbildningen\/wp-json\/wp\/v2\/types\/page"}],"author":[{"embeddable":true,"href":"https:\/\/kunskapsforbundet.se\/vuxenutbildningen\/wp-json\/wp\/v2\/users\/7"}],"replies":[{"embeddable":true,"href":"https:\/\/kunskapsforbundet.se\/vuxenutbildningen\/wp-json\/wp\/v2\/comments?post=17217"}],"version-history":[{"count":27,"href":"https:\/\/kunskapsforbundet.se\/vuxenutbildningen\/wp-json\/wp\/v2\/pages\/17217\/revisions"}],"predecessor-version":[{"id":27444,"href":"https:\/\/kunskapsforbundet.se\/vuxenutbildningen\/wp-json\/wp\/v2\/pages\/17217\/revisions\/27444"}],"wp:featuredmedia":[{"embeddable":true,"href":"https:\/\/kunskapsforbundet.se\/vuxenutbildningen\/wp-json\/wp\/v2\/media\/17139"}],"wp:attachment":[{"href":"https:\/\/kunskapsforbundet.se\/vuxenutbildningen\/wp-json\/wp\/v2\/media?parent=17217"}],"curies":[{"name":"wp","href":"https:\/\/api.w.org\/{rel}","templated":true}]}}