{"id":1584,"date":"2014-11-12T11:44:44","date_gmt":"2014-11-12T10:44:44","guid":{"rendered":"https:\/\/www.kunskapsforbundet.se\/vuxenutbildningen\/?post_type=program&#038;p=1584"},"modified":"2026-04-08T20:23:45","modified_gmt":"2026-04-08T18:23:45","slug":"yrkesutbildning-yrkesvux","status":"publish","type":"page","link":"https:\/\/kunskapsforbundet.se\/vuxenutbildningen\/yrkesutbildning-yrkesvux\/","title":{"rendered":"Yrkesutbildning"},"content":{"rendered":"\n<div class=\"pages__ingress pb-4 mb-0\"><p class=\"wp-block-ggb-block-feature__ingress\">Yrkesutbildning f\u00f6r vuxna \u00e4r utbildningar anpassade efter arbetslivets behov och f\u00f6r dig som s\u00f6ker ett jobb eller f\u00f6r dig som vill yrkesv\u00e4xla och byta yrke helt. Det \u00e4r korta utbildningar i 20, 40 eller 60 veckor. <\/p><\/div>\n\n\n\n<h2 class=\"wp-block-heading\">Studiebes\u00f6k: Yrkesutbildning f\u00f6r vuxna<\/h2>\n\n\n\n<p>Inf\u00f6r ans\u00f6kan till h\u00f6stens yrkesutbildningar \u00f6ppnar vi d\u00f6rrarna f\u00f6r dig! H\u00e4r kan du boka ett eller flera&nbsp;studiebes\u00f6k&nbsp;f\u00f6r att komma v\u00e5ra yrkesutbildningar f\u00f6r vuxna riktigt n\u00e4ra. Varje bes\u00f6k tar cirka 30 minuter.<\/p>\n\n\n\n<div class=\"wp-block-buttons is-layout-flex wp-block-buttons-is-layout-flex\">\n<div class=\"wp-block-button has-custom-width wp-block-button__width-50\"><a class=\"wp-block-button__link has-white-color has-text-color has-background has-link-color wp-element-button\" href=\"https:\/\/kunskapsforbundet.se\/vuxenutbildningen\/studiebesok-yrkesutbildning-for-vuxna\/\" style=\"border-top-left-radius:0px;border-top-right-radius:0px;border-bottom-left-radius:0px;border-bottom-right-radius:0px;background-color:#9f8fca\"><i class=\"icon fas fa-link\" aria-hidden=\"true\"> <\/i>Boka ditt studiebes\u00f6k h\u00e4r<\/a><\/div>\n<\/div>\n\n\n\n        <section aria-label=\"\u00d6ppningsbara flikar 1\" class=\"accordions mt-6 mb-6\">\n            <div class=\"container\" data-accordions=\"true\">\n                <div class=\"tab-pages\" role=\"tablist\">\n                                            <section class=\"tab-page\">\n                            <header>\n                                <button class=\"tab-page-head has-text-color-black\" id=\"accordions-shortcode1-tab-0\" role=\"tab\" aria-selected=\"false\" aria-controls=\"accordions-shortcode1-tabpanel-0\" aria-label=\"S\u00e5 h\u00e4r ans\u00f6ker du\" style=\"background: #e1d9ec\">\n                                    <div class=\"level\">\n                                        <div class=\"level-start\">\n                                            <div class=\"level-item\">\n                                                <h2>S\u00e5 h\u00e4r ans\u00f6ker du<\/h2>\n                                            <\/div>\n                                        <\/div>\n                                        <div class=\"level-end\">\n                                            <div class=\"level-item\">\n                                                <span class=\"accordion-icon plus\" title=\"\u00d6ppna flik\"><\/span>\n                                            <\/div>\n                                            <div class=\"level-item is-hidden\">\n                                                <span class=\"accordion-icon minus\" title=\"St\u00e4ng flik\"><\/span>\n                                            <\/div>\n                                        <\/div>\n                                    <\/div>\n                                <\/button>\n                            <\/header>\n                            <div class=\"tab-page-body is-hidden\" id=\"accordions-shortcode1-tabpanel-0\" role=\"tabpanel\" aria-labelledby=\"accordions-shortcode1-tab-0\" aria-hidden=\"true\">\n                                <div class=\"content\"><p>N\u00e4r det finns s\u00f6kbara yrkesutbildningar hittar du dessa h\u00e4r.<\/p>\n<p><em>Utbildningar startar under f\u00f6ruts\u00e4ttning att ekonomiska medel erh\u00e5lles och att det blir ett tillr\u00e4ckligt antal studerande.<\/em><\/p>\n<hr \/>\n<p>Du ans\u00f6ker genom att anv\u00e4nda webbans\u00f6kan. <a href=\"https:\/\/kunskapsforbundet.se\/vuxenutbildningen\/webbansokan-komvux\/\">Du hittar den h\u00e4r.<\/a><\/p>\n<p>Ans\u00f6kan kr\u00e4ver BankID.<\/p><\/div>\n                            <\/div>\n                        <\/section>\n                                            <section class=\"tab-page\">\n                            <header>\n                                <button class=\"tab-page-head has-text-color-black\" id=\"accordions-shortcode1-tab-1\" role=\"tab\" aria-selected=\"false\" aria-controls=\"accordions-shortcode1-tabpanel-1\" aria-label=\"Rekommenderade f\u00f6rkunskaper\" style=\"background: #9f8fca\">\n                                    <div class=\"level\">\n                                        <div class=\"level-start\">\n                                            <div class=\"level-item\">\n                                                <h2>Rekommenderade f\u00f6rkunskaper<\/h2>\n                                            <\/div>\n                                        <\/div>\n                                        <div class=\"level-end\">\n                                            <div class=\"level-item\">\n                                                <span class=\"accordion-icon plus\" title=\"\u00d6ppna flik\"><\/span>\n                                            <\/div>\n                                            <div class=\"level-item is-hidden\">\n                                                <span class=\"accordion-icon minus\" title=\"St\u00e4ng flik\"><\/span>\n                                            <\/div>\n                                        <\/div>\n                                    <\/div>\n                                <\/button>\n                            <\/header>\n                            <div class=\"tab-page-body is-hidden\" id=\"accordions-shortcode1-tabpanel-1\" role=\"tabpanel\" aria-labelledby=\"accordions-shortcode1-tab-1\" aria-hidden=\"true\">\n                                <div class=\"content\"><p>H\u00e4r hittar du en sammanst\u00e4llning av rekommenderade f\u00f6rkunskaper f\u00f6r v\u00e5ra olika yrkesutbildningar f\u00f6r vuxna.<\/p>\n<ul>\n<li><a href=\"https:\/\/kunskapsforbundet.se\/app\/uploads\/sites\/6\/2026\/03\/Rekommenderade-forkunskaper_SOKHT2026_TRYCK_ver03.pdf\">Rekommenderade f\u00f6rkunskaper f\u00f6r yrkesutbildningar: H\u00f6sten 2026<\/a><\/li>\n<\/ul>\n<\/div>\n                            <\/div>\n                        <\/section>\n                                            <section class=\"tab-page\">\n                            <header>\n                                <button class=\"tab-page-head has-text-color-black\" id=\"accordions-shortcode1-tab-2\" role=\"tab\" aria-selected=\"false\" aria-controls=\"accordions-shortcode1-tabpanel-2\" aria-label=\"Detta g\u00e4ller vid sen ans\u00f6kan\" style=\"background: #e1d9ec\">\n                                    <div class=\"level\">\n                                        <div class=\"level-start\">\n                                            <div class=\"level-item\">\n                                                <h2>Detta g\u00e4ller vid sen ans\u00f6kan<\/h2>\n                                            <\/div>\n                                        <\/div>\n                                        <div class=\"level-end\">\n                                            <div class=\"level-item\">\n                                                <span class=\"accordion-icon plus\" title=\"\u00d6ppna flik\"><\/span>\n                                            <\/div>\n                                            <div class=\"level-item is-hidden\">\n                                                <span class=\"accordion-icon minus\" title=\"St\u00e4ng flik\"><\/span>\n                                            <\/div>\n                                        <\/div>\n                                    <\/div>\n                                <\/button>\n                            <\/header>\n                            <div class=\"tab-page-body is-hidden\" id=\"accordions-shortcode1-tabpanel-2\" role=\"tabpanel\" aria-labelledby=\"accordions-shortcode1-tab-2\" aria-hidden=\"true\">\n                                <div class=\"content\"><p>F\u00f6r sen ans\u00f6kan g\u00e4ller att vi st\u00e4nger i takt med att platser fylls f\u00f6r kurser, \u00e4mnen och yrkesutbildningar. N\u00e4r sen ans\u00f6kan \u00e4r \u00f6ppen hittar du kurser, \u00e4mnen och yrkesutbildningar med platser kvar i webbans\u00f6kan<\/p>\n<\/div>\n                            <\/div>\n                        <\/section>\n                                            <section class=\"tab-page\">\n                            <header>\n                                <button class=\"tab-page-head has-text-color-black\" id=\"accordions-shortcode1-tab-3\" role=\"tab\" aria-selected=\"false\" aria-controls=\"accordions-shortcode1-tabpanel-3\" aria-label=\"Interkommunal ans\u00f6kan\" style=\"background: #9f8fca\">\n                                    <div class=\"level\">\n                                        <div class=\"level-start\">\n                                            <div class=\"level-item\">\n                                                <h2>Interkommunal ans\u00f6kan<\/h2>\n                                            <\/div>\n                                        <\/div>\n                                        <div class=\"level-end\">\n                                            <div class=\"level-item\">\n                                                <span class=\"accordion-icon plus\" title=\"\u00d6ppna flik\"><\/span>\n                                            <\/div>\n                                            <div class=\"level-item is-hidden\">\n                                                <span class=\"accordion-icon minus\" title=\"St\u00e4ng flik\"><\/span>\n                                            <\/div>\n                                        <\/div>\n                                    <\/div>\n                                <\/button>\n                            <\/header>\n                            <div class=\"tab-page-body is-hidden\" id=\"accordions-shortcode1-tabpanel-3\" role=\"tabpanel\" aria-labelledby=\"accordions-shortcode1-tab-3\" aria-hidden=\"true\">\n                                <div class=\"content\"><p><span class=\"A10\"><span style=\"font-size: 9.0pt;\">Du som inte \u00e4r folkbokf\u00f6rd i Trollh\u00e4ttan eller V\u00e4nersborg ska skicka in din ans\u00f6kan till din hemkommun. Din ans\u00f6kan finns bifogad i det svarsmejl du f\u00e5r n\u00e4r du gjort din webbans\u00f6kan. Du ska ocks\u00e5 bifoga dina betyg och ett personligt brev d\u00e4r du f\u00f6rklarar varf\u00f6r du s\u00f6ker utbildningen.<\/span><\/span><\/p>\n<\/div>\n                            <\/div>\n                        <\/section>\n                                    <\/div>\n                <button class=\"mt-3 tab-page-expand\" data-close=\"St\u00e4ng alla flikar\" data-open=\"Expandera alla flikar\">\n                    Expandera alla flikar                <\/button>\n            <\/div>\n        <\/section>\n\n\n\n\n<h2 class=\"wp-block-heading\">Fler yrkesutbildningar f\u00f6r dig att s\u00f6ka!<\/h2>\n\n\n\n<figure class=\"wp-block-image size-large is-resized\"><img loading=\"lazy\" decoding=\"async\" width=\"1024\" height=\"125\" src=\"https:\/\/kunskapsforbundet.se\/app\/uploads\/sites\/6\/2024\/10\/Loggor-yrkesvuxsamverkan_ver01-1024x125.png\" alt=\"\" class=\"wp-image-23785\" style=\"width:336px;height:auto\" srcset=\"https:\/\/kunskapsforbundet.se\/app\/uploads\/sites\/6\/2024\/10\/Loggor-yrkesvuxsamverkan_ver01-1024x125.png 1024w, https:\/\/kunskapsforbundet.se\/app\/uploads\/sites\/6\/2024\/10\/Loggor-yrkesvuxsamverkan_ver01-300x37.png 300w, https:\/\/kunskapsforbundet.se\/app\/uploads\/sites\/6\/2024\/10\/Loggor-yrkesvuxsamverkan_ver01-768x94.png 768w, https:\/\/kunskapsforbundet.se\/app\/uploads\/sites\/6\/2024\/10\/Loggor-yrkesvuxsamverkan_ver01.png 1366w\" sizes=\"auto, (max-width: 1024px) 100vw, 1024px\" \/><\/figure>\n\n\n\n<p>F\u00f6r att kunna erbjuda kommuninv\u00e5nare ett st\u00f6rre utbud av yrkesutbildningar sker ett samarbete med Uddevalla vuxenutbildning och Orust vuxenutbildning som vi kallar f\u00f6r &#8221;Fritt s\u00f6k&#8221;. Du som \u00e4r folkbokf\u00f6rd i Trollh\u00e4ttan eller V\u00e4nersborg kommun kan s\u00f6ka samtliga yrkesutbildningar som vi tillsammans erbjuder. <a href=\"https:\/\/kunskapsforbundet.se\/vuxenutbildningen\/fritt-sok\/\" data-type=\"page\" data-id=\"26418\">L\u00e4s mer om fritt s\u00f6k h\u00e4r.<\/a><\/p>\n\n\n\n<p><\/p>\n\n\n<\/p>\n<p><\/p>","protected":false},"excerpt":{"rendered":"<p>Studiebes\u00f6k: Yrkesutbildning f\u00f6r vuxna Inf\u00f6r ans\u00f6kan till h\u00f6stens yrkesutbildningar \u00f6ppnar vi d\u00f6rrarna f\u00f6r dig! H\u00e4r kan du boka ett eller flera&nbsp;studiebes\u00f6k&nbsp;f\u00f6r att komma v\u00e5ra yrkesutbildningar f\u00f6r vuxna riktigt n\u00e4ra. Varje bes\u00f6k tar cirka 30 minuter. Fler yrkesutbildningar f\u00f6r dig att s\u00f6ka! F\u00f6r att kunna erbjuda kommuninv\u00e5nare ett st\u00f6rre utbud av yrkesutbildningar sker ett samarbete med [&hellip;]<\/p>\n","protected":false},"author":7,"featured_media":13272,"parent":0,"menu_order":0,"comment_status":"closed","ping_status":"closed","template":"page-program-portal.php","meta":{"_acf_changed":false,"footnotes":""},"class_list":["post-1584","page","type-page","status-publish","has-post-thumbnail","hentry"],"acf":[],"_links":{"self":[{"href":"https:\/\/kunskapsforbundet.se\/vuxenutbildningen\/wp-json\/wp\/v2\/pages\/1584","targetHints":{"allow":["GET"]}}],"collection":[{"href":"https:\/\/kunskapsforbundet.se\/vuxenutbildningen\/wp-json\/wp\/v2\/pages"}],"about":[{"href":"https:\/\/kunskapsforbundet.se\/vuxenutbildningen\/wp-json\/wp\/v2\/types\/page"}],"author":[{"embeddable":true,"href":"https:\/\/kunskapsforbundet.se\/vuxenutbildningen\/wp-json\/wp\/v2\/users\/7"}],"replies":[{"embeddable":true,"href":"https:\/\/kunskapsforbundet.se\/vuxenutbildningen\/wp-json\/wp\/v2\/comments?post=1584"}],"version-history":[{"count":411,"href":"https:\/\/kunskapsforbundet.se\/vuxenutbildningen\/wp-json\/wp\/v2\/pages\/1584\/revisions"}],"predecessor-version":[{"id":30175,"href":"https:\/\/kunskapsforbundet.se\/vuxenutbildningen\/wp-json\/wp\/v2\/pages\/1584\/revisions\/30175"}],"wp:featuredmedia":[{"embeddable":true,"href":"https:\/\/kunskapsforbundet.se\/vuxenutbildningen\/wp-json\/wp\/v2\/media\/13272"}],"wp:attachment":[{"href":"https:\/\/kunskapsforbundet.se\/vuxenutbildningen\/wp-json\/wp\/v2\/media?parent=1584"}],"curies":[{"name":"wp","href":"https:\/\/api.w.org\/{rel}","templated":true}]}}