{"id":277,"date":"2014-09-19T15:12:46","date_gmt":"2014-09-19T13:12:46","guid":{"rendered":"https:\/\/www.kunskapsforbundet.se\/nils-ericsonsgymnasiet\/?page_id=277"},"modified":"2024-06-11T09:30:01","modified_gmt":"2024-06-11T07:30:01","slug":"biblioteket","status":"publish","type":"page","link":"https:\/\/kunskapsforbundet.se\/nils-ericsonsgymnasiet\/biblioteket\/","title":{"rendered":"Biblioteket"},"content":{"rendered":"\n<div class=\"pages__ingress pb-4 mb-0\"><p class=\"wp-block-ggb-block-feature__ingress\">V\u00e4lkommen till skolbiblioteket p\u00e5 Vuxenutbildningen\/Nils Ericsonsgymnasiet i Trollh\u00e4ttan.<\/p><\/div>\n\n\n<p>Hit \u00e4r alla elever i Kunskapsf\u00f6rbundet v\u00e4lkomna. Vi som jobbar h\u00e4r heter Maria Ceder och J\u00f6rgen Andersson. Oss tr\u00e4ffar du i biblioteket, samt n\u00e4r vi undervisar i informationss\u00f6kning, k\u00e4llkritik och bokpratar. P\u00e5 biblioteket kan du s\u00f6ka information i b\u00f6cker och databaser, l\u00e4sa tidningar och tidskrifter, l\u00e5na och best\u00e4lla b\u00f6cker (\u00e4ven fr\u00e5n andra bibliotek) eller sitta och studera. Du kan f\u00e5 hj\u00e4lp med kopior av artiklar som inte finns i skolans bibliotek.<\/p>\n<p>H\u00e4r hittar du ett varierat utbud av facklitteratur inom olika \u00e4mnen, sk\u00f6nlitteratur och ljudb\u00f6cker. Vi har \u00e4ven en stor avdelning f\u00f6r l\u00e4ttl\u00e4st litteratur. Fr\u00e5ga g\u00e4rna personalen n\u00e4r du beh\u00f6ver hj\u00e4lp och v\u00e4gledning i biblioteket eller om du vill ha boktips. Saknar du n\u00e5got i biblioteket?\u00a0L\u00e4mna g\u00e4rna ett ink\u00f6psf\u00f6rslag!<\/p>\n<p>Prata med bibliotekarien om du har ett l\u00e4shinder (t ex, dyslexi eller synskada) s\u00e5 kan du f\u00e5 hj\u00e4lp med inl\u00e4sta b\u00f6cker. Vi ses!<\/p>\n<h4>\u00d6ppettider<\/h4>\n<p><strong>M\u00e5ndag-torsdag: <\/strong>08:00-15:00\u00a0<strong><br \/><\/strong><strong style=\"font-size: 1em; line-height: 1.42857;\">Fredag: <\/strong><span style=\"font-size: 1em; line-height: 1.42857;\">08:00-14:00<\/span><\/p>","protected":false},"excerpt":{"rendered":"<p>Hit \u00e4r alla elever i Kunskapsf\u00f6rbundet v\u00e4lkomna. Vi som jobbar h\u00e4r heter Maria Ceder och J\u00f6rgen Andersson. Oss tr\u00e4ffar du i biblioteket, samt n\u00e4r vi undervisar i informationss\u00f6kning, k\u00e4llkritik och bokpratar. P\u00e5 biblioteket kan du s\u00f6ka information i b\u00f6cker och databaser, l\u00e4sa tidningar och tidskrifter, l\u00e5na och best\u00e4lla b\u00f6cker (\u00e4ven fr\u00e5n andra bibliotek) eller sitta [&hellip;]<\/p>\n","protected":false},"author":34,"featured_media":3307,"parent":0,"menu_order":0,"comment_status":"closed","ping_status":"closed","template":"","meta":{"_acf_changed":false,"footnotes":""},"class_list":["post-277","page","type-page","status-publish","has-post-thumbnail","hentry"],"acf":[],"_links":{"self":[{"href":"https:\/\/kunskapsforbundet.se\/nils-ericsonsgymnasiet\/wp-json\/wp\/v2\/pages\/277","targetHints":{"allow":["GET"]}}],"collection":[{"href":"https:\/\/kunskapsforbundet.se\/nils-ericsonsgymnasiet\/wp-json\/wp\/v2\/pages"}],"about":[{"href":"https:\/\/kunskapsforbundet.se\/nils-ericsonsgymnasiet\/wp-json\/wp\/v2\/types\/page"}],"author":[{"embeddable":true,"href":"https:\/\/kunskapsforbundet.se\/nils-ericsonsgymnasiet\/wp-json\/wp\/v2\/users\/34"}],"replies":[{"embeddable":true,"href":"https:\/\/kunskapsforbundet.se\/nils-ericsonsgymnasiet\/wp-json\/wp\/v2\/comments?post=277"}],"version-history":[{"count":19,"href":"https:\/\/kunskapsforbundet.se\/nils-ericsonsgymnasiet\/wp-json\/wp\/v2\/pages\/277\/revisions"}],"predecessor-version":[{"id":5127,"href":"https:\/\/kunskapsforbundet.se\/nils-ericsonsgymnasiet\/wp-json\/wp\/v2\/pages\/277\/revisions\/5127"}],"wp:featuredmedia":[{"embeddable":true,"href":"https:\/\/kunskapsforbundet.se\/nils-ericsonsgymnasiet\/wp-json\/wp\/v2\/media\/3307"}],"wp:attachment":[{"href":"https:\/\/kunskapsforbundet.se\/nils-ericsonsgymnasiet\/wp-json\/wp\/v2\/media?parent=277"}],"curies":[{"name":"wp","href":"https:\/\/api.w.org\/{rel}","templated":true}]}}