{"id":3993,"date":"2020-12-18T10:06:03","date_gmt":"2020-12-18T09:06:03","guid":{"rendered":"https:\/\/www.kunskapsforbundet.se\/magnus-abergsgymnasiet\/?page_id=3993"},"modified":"2024-10-03T08:51:59","modified_gmt":"2024-10-03T06:51:59","slug":"korttidstillsyn","status":"publish","type":"page","link":"https:\/\/kunskapsforbundet.se\/magnus-abergsgymnasiet\/korttidstillsyn\/","title":{"rendered":"Korttidstillsyn"},"content":{"rendered":"\n<div class=\"pages__ingress pb-4 mb-0\"><p>Korttidstillsyn f\u00f6r skolungdom \u00f6ver 12 \u00e5r (LSS)<\/p><\/div>\n\n\n\n<h2 class=\"wp-block-heading\">V\u00e4lkommen till korttidstillsyn p\u00e5 Magnus \u00c5bergsgymnasiet!<\/h2>\n\n\n\n<p>Korttidstillsyn \u00e4r en LSS-verksamhet som erbjuds i samband med skolg\u00e5ng till barn \u00f6ver 12 \u00e5r med funktionsneds\u00e4ttning som har f\u00f6r\u00e4ldrar\/v\u00e5rdnadshavare som arbetar eller studerar.<\/p>\n\n\n\n<ul class=\"wp-block-list\">\n<li><strong>Korttidstillsyn innan skoldagen b\u00f6rjar:<\/strong> Eleverna har m\u00f6jlighet att \u00e4ta frukost och f\u00e5 en lugn start innan skoldagen drar ig\u00e5ng.<\/li>\n\n\n\n<li><strong>Korttidstillsyn efter skoldagen, under studiedagar samt p\u00e5 lov:<\/strong> Ge eleverna avkoppling, gemenskap och aktiviteter.<\/li>\n<\/ul>\n\n\n\n<p><a href=\"https:\/\/www.ivo.se\/tillstand\/sol-och-lss-tillstand\/korttidstillsyn-for-skolungdom-over-12-ar\/\" target=\"_blank\" rel=\"noopener noreferrer\">L\u00e4s mer h\u00e4r: Om korttidstillsyn hos Inspektionen f\u00f6r v\u00e5rd och omsorg (IVO) h\u00e4r.<\/a><\/p>\n\n\n\n<h3 class=\"wp-block-heading\">Om v\u00e5r verksamhet<\/h3>\n\n\n\n<p>Korttidstillsynen finns p\u00e5 Magnus \u00c5bergsgymnasiet i direkt anslutning till Anpassad gymnasieskola. Korttidstillsynen best\u00e5r av ett st\u00f6rre fritidsrum och lugnare avdelningar om man \u00e4r i behov av det. Vi har tillg\u00e5ng till musiksal, film\/spelrum, k\u00f6k och ibland idrottshall mm.<\/p>\n\n\n\n<p>Personalen som arbetar p\u00e5 korttidstillsynen best\u00e5r av samma grupp elevassistenter och st\u00f6dpedagoger som \u00e4r med eleverna under skoldagen. Alla ungdomar \u00e4r delaktiga i att uppr\u00e4tta sina genomf\u00f6randeplaner d\u00e4r de sj\u00e4lva \u00e4r delaktiga i att ber\u00e4tta vad de vill g\u00f6ra och best\u00e4mma vilket st\u00f6d de beh\u00f6ver n\u00e4r de \u00e4r h\u00e4r.<\/p>\n\n\n\n<ul class=\"wp-block-list\">\n<li><strong>Kostnad:<\/strong> Kostnaden f\u00f6r insatsen \u00e4r 150 kr per m\u00e5nad. Det tillkommer en kostnad p\u00e5 65 kr per lovdag. Taxi p\u00e5 lov och studiedagar kostar 310 kr per tillf\u00e4lle (helt lov eller per m\u00e5nad p\u00e5 sommaren).<\/li>\n\n\n\n<li><strong>Kontakt:<\/strong> Telefon till korttidstillsyn (utanf\u00f6r skoltid): 0520- 52 57 09<\/li>\n<\/ul>\n\n\n\n<h3 class=\"wp-block-heading\">S\u00e5 h\u00e4r ans\u00f6ker du<\/h3>\n\n\n\n<p>Kontakta bist\u00e5ndshandl\u00e4ggare i din hemkommun. <\/p>\n","protected":false},"excerpt":{"rendered":"<p>V\u00e4lkommen till korttidstillsyn p\u00e5 Magnus \u00c5bergsgymnasiet! Korttidstillsyn \u00e4r en LSS-verksamhet som erbjuds i samband med skolg\u00e5ng till barn \u00f6ver 12 \u00e5r med funktionsneds\u00e4ttning som har f\u00f6r\u00e4ldrar\/v\u00e5rdnadshavare som arbetar eller studerar. L\u00e4s mer h\u00e4r: Om korttidstillsyn hos Inspektionen f\u00f6r v\u00e5rd och omsorg (IVO) h\u00e4r. Om v\u00e5r verksamhet Korttidstillsynen finns p\u00e5 Magnus \u00c5bergsgymnasiet i direkt anslutning till [&hellip;]<\/p>\n","protected":false},"author":7,"featured_media":0,"parent":0,"menu_order":0,"comment_status":"closed","ping_status":"closed","template":"","meta":{"_acf_changed":false,"footnotes":""},"class_list":["post-3993","page","type-page","status-publish","hentry"],"acf":[],"_links":{"self":[{"href":"https:\/\/kunskapsforbundet.se\/magnus-abergsgymnasiet\/wp-json\/wp\/v2\/pages\/3993","targetHints":{"allow":["GET"]}}],"collection":[{"href":"https:\/\/kunskapsforbundet.se\/magnus-abergsgymnasiet\/wp-json\/wp\/v2\/pages"}],"about":[{"href":"https:\/\/kunskapsforbundet.se\/magnus-abergsgymnasiet\/wp-json\/wp\/v2\/types\/page"}],"author":[{"embeddable":true,"href":"https:\/\/kunskapsforbundet.se\/magnus-abergsgymnasiet\/wp-json\/wp\/v2\/users\/7"}],"replies":[{"embeddable":true,"href":"https:\/\/kunskapsforbundet.se\/magnus-abergsgymnasiet\/wp-json\/wp\/v2\/comments?post=3993"}],"version-history":[{"count":14,"href":"https:\/\/kunskapsforbundet.se\/magnus-abergsgymnasiet\/wp-json\/wp\/v2\/pages\/3993\/revisions"}],"predecessor-version":[{"id":6678,"href":"https:\/\/kunskapsforbundet.se\/magnus-abergsgymnasiet\/wp-json\/wp\/v2\/pages\/3993\/revisions\/6678"}],"wp:attachment":[{"href":"https:\/\/kunskapsforbundet.se\/magnus-abergsgymnasiet\/wp-json\/wp\/v2\/media?parent=3993"}],"curies":[{"name":"wp","href":"https:\/\/api.w.org\/{rel}","templated":true}]}}