{"id":398,"date":"2014-09-22T09:26:59","date_gmt":"2014-09-22T07:26:59","guid":{"rendered":"https:\/\/www.kunskapsforbundet.se\/magnus-abergsgymnasiet\/?page_id=398"},"modified":"2024-08-29T11:13:02","modified_gmt":"2024-08-29T09:13:02","slug":"sjukanmalan","status":"publish","type":"page","link":"https:\/\/kunskapsforbundet.se\/magnus-abergsgymnasiet\/sjukanmalan\/","title":{"rendered":"Fr\u00e5nvaro- och sjukanm\u00e4lan"},"content":{"rendered":"\n<div class=\"pages__ingress pb-4 mb-0\"><p class=\"wp-block-ggb-block-feature__ingress\">Vid fr\u00e5nvaro beh\u00f6ver v\u00e5rdnadshavare kontakta skolan och anm\u00e4la senast kl 12:00 samma dag som fr\u00e5nvaro sker.<\/p><\/div>\n\n\n\n<div style=\"height:20px\" aria-hidden=\"true\" class=\"wp-block-spacer\"><\/div>\n\n\n\n<h4 class=\"wp-block-heading\">I f\u00f6rsta hand via appen<\/h4>\n\n\n\n<p>I f\u00f6rsta hand g\u00f6rs fr\u00e5nvaroanm\u00e4lan via <em>Skola24<\/em> (app eller webbsida). <\/p>\n\n\n\n<h4 class=\"wp-block-heading\">Anm\u00e4l fr\u00e5nvaro genom att ringa<\/h4>\n\n\n\n<p>F\u00f6r att fr\u00e5nvaroanm\u00e4la elev, ring: <strong>0515-869 39<\/strong><\/p>\n\n\n\n<hr class=\"wp-block-separator has-alpha-channel-opacity\" \/>\n\n\n\n<h4 class=\"wp-block-heading\">F\u00f6r fr\u00e5nvaroanm\u00e4lan av elever&nbsp;p\u00e5 Anpassad gymnasieskola g\u00e4ller f\u00f6ljande telefonnummer:<\/h4>\n\n\n\n<p><strong>Individuella programmen<\/strong><br>Telefon: 0520 &#8211; 52 57 44<\/p>\n\n\n\n<p><strong>Nationella programmen<\/strong><br>Telefon: 0520 &#8211; 52 57 59<\/p>\n\n\n\n<hr class=\"wp-block-separator has-alpha-channel-opacity\" \/>\n\n\n\n<p>Fr\u00e5nvaroanm\u00e4lan b\u00f6r g\u00f6ras innan klockan 08.00 f\u00f6r respektive program. Om anm\u00e4lan kommer in senare registreras fr\u00e5nvaron f\u00f6rst n\u00e4stkommande dag.<\/p>\n","protected":false},"excerpt":{"rendered":"<p>I f\u00f6rsta hand via appen I f\u00f6rsta hand g\u00f6rs fr\u00e5nvaroanm\u00e4lan via Skola24 (app eller webbsida). Anm\u00e4l fr\u00e5nvaro genom att ringa F\u00f6r att fr\u00e5nvaroanm\u00e4la elev, ring: 0515-869 39 F\u00f6r fr\u00e5nvaroanm\u00e4lan av elever&nbsp;p\u00e5 Anpassad gymnasieskola g\u00e4ller f\u00f6ljande telefonnummer: Individuella programmenTelefon: 0520 &#8211; 52 57 44 Nationella programmenTelefon: 0520 &#8211; 52 57 59 Fr\u00e5nvaroanm\u00e4lan b\u00f6r g\u00f6ras innan klockan [&hellip;]<\/p>\n","protected":false},"author":6,"featured_media":4638,"parent":0,"menu_order":0,"comment_status":"closed","ping_status":"closed","template":"","meta":{"_acf_changed":false,"footnotes":""},"class_list":["post-398","page","type-page","status-publish","has-post-thumbnail","hentry"],"acf":[],"_links":{"self":[{"href":"https:\/\/kunskapsforbundet.se\/magnus-abergsgymnasiet\/wp-json\/wp\/v2\/pages\/398","targetHints":{"allow":["GET"]}}],"collection":[{"href":"https:\/\/kunskapsforbundet.se\/magnus-abergsgymnasiet\/wp-json\/wp\/v2\/pages"}],"about":[{"href":"https:\/\/kunskapsforbundet.se\/magnus-abergsgymnasiet\/wp-json\/wp\/v2\/types\/page"}],"author":[{"embeddable":true,"href":"https:\/\/kunskapsforbundet.se\/magnus-abergsgymnasiet\/wp-json\/wp\/v2\/users\/6"}],"replies":[{"embeddable":true,"href":"https:\/\/kunskapsforbundet.se\/magnus-abergsgymnasiet\/wp-json\/wp\/v2\/comments?post=398"}],"version-history":[{"count":15,"href":"https:\/\/kunskapsforbundet.se\/magnus-abergsgymnasiet\/wp-json\/wp\/v2\/pages\/398\/revisions"}],"predecessor-version":[{"id":6458,"href":"https:\/\/kunskapsforbundet.se\/magnus-abergsgymnasiet\/wp-json\/wp\/v2\/pages\/398\/revisions\/6458"}],"wp:featuredmedia":[{"embeddable":true,"href":"https:\/\/kunskapsforbundet.se\/magnus-abergsgymnasiet\/wp-json\/wp\/v2\/media\/4638"}],"wp:attachment":[{"href":"https:\/\/kunskapsforbundet.se\/magnus-abergsgymnasiet\/wp-json\/wp\/v2\/media?parent=398"}],"curies":[{"name":"wp","href":"https:\/\/api.w.org\/{rel}","templated":true}]}}