{"id":217,"date":"2014-08-13T16:50:03","date_gmt":"2014-08-13T14:50:03","guid":{"rendered":"https:\/\/www.kunskapsforbundet.se\/magnus-abergsgymnasiet\/?page_id=217"},"modified":"2021-08-04T23:23:36","modified_gmt":"2021-08-04T21:23:36","slug":"hitta-hit","status":"publish","type":"page","link":"https:\/\/kunskapsforbundet.se\/magnus-abergsgymnasiet\/hitta-hit\/","title":{"rendered":"Hitta hit"},"content":{"rendered":"\n<div class=\"pages__ingress pb-4 mb-0\"><p>V\u00e4lkommen att bes\u00f6ka v\u00e5r fina gymnasieskola. Du hittar oss p\u00e5 Karlstorpsv\u00e4gen 159\u00a0i Trollh\u00e4ttan!<\/p><\/div>\n\n\n\n<h4 class=\"wp-block-heading\">Postadress:<\/h4>\n\n\n\n<p>Magnus \u00c5bergsgymnasiet<br>461 52 Trollh\u00e4ttan<\/p>\n\n\n\n<p>Vill du bes\u00f6ka oss finner du oss p\u00e5 Karlstorpsv\u00e4gen 159&nbsp;i Trollh\u00e4ttan.<\/p>\n\n\n\n<iframe src=\"https:\/\/www.google.com\/maps\/embed?pb=!1m18!1m12!1m3!1d2097.9963190764142!2d12.295078015794191!3d58.275355681302564!2m3!1f0!2f0!3f0!3m2!1i1024!2i768!4f13.1!3m3!1m2!1s0x46453c5db1a705fd%3A0xec9c253d8e0dde9c!2sKarlstorpsv%C3%A4gen%20159%2C%20461%2052%20Trollh%C3%A4ttan!5e0!3m2!1ssv!2sse!4v1628112114056!5m2!1ssv!2sse\" width=\"600\" height=\"450\" style=\"border:0;\" allowfullscreen=\"\" loading=\"lazy\"><\/iframe>\n\n\n\n<p><\/p>\n","protected":false},"excerpt":{"rendered":"<p>Postadress: Magnus \u00c5bergsgymnasiet461 52 Trollh\u00e4ttan Vill du bes\u00f6ka oss finner du oss p\u00e5 Karlstorpsv\u00e4gen 159&nbsp;i Trollh\u00e4ttan.<\/p>\n","protected":false},"author":6,"featured_media":3905,"parent":0,"menu_order":0,"comment_status":"closed","ping_status":"closed","template":"","meta":{"_acf_changed":false,"footnotes":""},"class_list":["post-217","page","type-page","status-publish","has-post-thumbnail","hentry"],"acf":[],"_links":{"self":[{"href":"https:\/\/kunskapsforbundet.se\/magnus-abergsgymnasiet\/wp-json\/wp\/v2\/pages\/217","targetHints":{"allow":["GET"]}}],"collection":[{"href":"https:\/\/kunskapsforbundet.se\/magnus-abergsgymnasiet\/wp-json\/wp\/v2\/pages"}],"about":[{"href":"https:\/\/kunskapsforbundet.se\/magnus-abergsgymnasiet\/wp-json\/wp\/v2\/types\/page"}],"author":[{"embeddable":true,"href":"https:\/\/kunskapsforbundet.se\/magnus-abergsgymnasiet\/wp-json\/wp\/v2\/users\/6"}],"replies":[{"embeddable":true,"href":"https:\/\/kunskapsforbundet.se\/magnus-abergsgymnasiet\/wp-json\/wp\/v2\/comments?post=217"}],"version-history":[{"count":13,"href":"https:\/\/kunskapsforbundet.se\/magnus-abergsgymnasiet\/wp-json\/wp\/v2\/pages\/217\/revisions"}],"predecessor-version":[{"id":4631,"href":"https:\/\/kunskapsforbundet.se\/magnus-abergsgymnasiet\/wp-json\/wp\/v2\/pages\/217\/revisions\/4631"}],"wp:featuredmedia":[{"embeddable":true,"href":"https:\/\/kunskapsforbundet.se\/magnus-abergsgymnasiet\/wp-json\/wp\/v2\/media\/3905"}],"wp:attachment":[{"href":"https:\/\/kunskapsforbundet.se\/magnus-abergsgymnasiet\/wp-json\/wp\/v2\/media?parent=217"}],"curies":[{"name":"wp","href":"https:\/\/api.w.org\/{rel}","templated":true}]}}