{"id":155,"date":"2014-08-13T10:22:47","date_gmt":"2014-08-13T08:22:47","guid":{"rendered":"https:\/\/www.kunskapsforbundet.se\/magnus-abergsgymnasiet\/?page_id=155"},"modified":"2026-02-11T12:13:58","modified_gmt":"2026-02-11T11:13:58","slug":"kontakt","status":"publish","type":"page","link":"https:\/\/kunskapsforbundet.se\/magnus-abergsgymnasiet\/kontakt\/","title":{"rendered":"Kontakt"},"content":{"rendered":"\n<div class=\"pages__ingress pb-4 mb-0\"><p>V\u00e4lkommen att kontakta n\u00e5gon i personalen p\u00e5 Magnus \u00c5bergsgymnasiet!<\/p><\/div>\n\n\n\n<p>Nedan finner du kontaktuppgifter till verksamhetschef, rektorer, administrat\u00f6rer och \u00f6vrig personal. Om du vill n\u00e5 en l\u00e4rare, kontakta i f\u00f6rsta hand receptionen eller dennes arbetslag s\u00e5 slussar de dig vidare.<\/p>\n\n\n\n<h4 class=\"wp-block-heading\">Postadress:<\/h4>\n\n\n\n<p>Magnus \u00c5bergsgymnasiet<br>461 84&nbsp;Trollh\u00e4ttan<\/p>\n\n\n\n<h4 class=\"wp-block-heading\">Bes\u00f6ksadress:<\/h4>\n\n\n\n<p>Karlstorpsv\u00e4gen 159, Trollh\u00e4ttan<\/p>\n\n\n\n<h4 class=\"wp-block-heading\">Magnus \u00c5bergsgymnasiets reception:<\/h4>\n\n\n\n<p>0520-52 57 88<\/p>\n\n\n\n<p>G\u00e4ller \u00e4rendet best\u00e4llning av betygskopia kan du g\u00f6ra det <a href=\"https:\/\/kunskapsforbundet.se\/magnus-abergsgymnasiet\/bestallning-av-betygskopior\/\" data-type=\"page\" data-id=\"5282\">h\u00e4r.<\/a><\/p>\n\n\n\n<h4 class=\"wp-block-heading\">Receptionens \u00f6ppettider:<\/h4>\n\n\n\n<p>M\u00e5ndag 08.30-14, <em>st\u00e4ngt f\u00f6r lunch 12-13<\/em><br>Tisdag&nbsp; &nbsp;08.30-14, <em>st\u00e4ngt f\u00f6r lunch 12-13<\/em><br>Onsdag 08.30-12 <br>Torsdag 08.30-14, <em>st\u00e4ngt f\u00f6r lunch 12-13<\/em><br>Fredag&nbsp; 08.30-12<\/p>\n\n\n\n<h4 class=\"wp-block-heading\">V\u00e5ra telefontider:<\/h4>\n\n\n\n<p>M\u00e5ndag 08.30-11.30<br>Tisdag 09.30-11.30 <em>samt<\/em> 13.00-15.00<br>Onsdag 08.30-11.30<br>Torsdag 09.30-11.30 <em>samt<\/em> 13.00-15.00<br>Fredag 08.30-11.30<\/p>\n\n\n\n<h4 class=\"wp-block-heading\">Kunskapsf\u00f6rbundet v\u00e4xel:<\/h4>\n\n\n\n<p>0521-72 27 40<\/p>\n\n\n<\/p>\n<p><\/p>","protected":false},"excerpt":{"rendered":"<p>Nedan finner du kontaktuppgifter till verksamhetschef, rektorer, administrat\u00f6rer och \u00f6vrig personal. Om du vill n\u00e5 en l\u00e4rare, kontakta i f\u00f6rsta hand receptionen eller dennes arbetslag s\u00e5 slussar de dig vidare. Postadress: Magnus \u00c5bergsgymnasiet461 84&nbsp;Trollh\u00e4ttan Bes\u00f6ksadress: Karlstorpsv\u00e4gen 159, Trollh\u00e4ttan Magnus \u00c5bergsgymnasiets reception: 0520-52 57 88 G\u00e4ller \u00e4rendet best\u00e4llning av betygskopia kan du g\u00f6ra det h\u00e4r. Receptionens [&hellip;]<\/p>\n","protected":false},"author":7,"featured_media":5035,"parent":0,"menu_order":0,"comment_status":"closed","ping_status":"closed","template":"","meta":{"_acf_changed":false,"footnotes":""},"class_list":["post-155","page","type-page","status-publish","has-post-thumbnail","hentry"],"acf":[],"_links":{"self":[{"href":"https:\/\/kunskapsforbundet.se\/magnus-abergsgymnasiet\/wp-json\/wp\/v2\/pages\/155","targetHints":{"allow":["GET"]}}],"collection":[{"href":"https:\/\/kunskapsforbundet.se\/magnus-abergsgymnasiet\/wp-json\/wp\/v2\/pages"}],"about":[{"href":"https:\/\/kunskapsforbundet.se\/magnus-abergsgymnasiet\/wp-json\/wp\/v2\/types\/page"}],"author":[{"embeddable":true,"href":"https:\/\/kunskapsforbundet.se\/magnus-abergsgymnasiet\/wp-json\/wp\/v2\/users\/7"}],"replies":[{"embeddable":true,"href":"https:\/\/kunskapsforbundet.se\/magnus-abergsgymnasiet\/wp-json\/wp\/v2\/comments?post=155"}],"version-history":[{"count":74,"href":"https:\/\/kunskapsforbundet.se\/magnus-abergsgymnasiet\/wp-json\/wp\/v2\/pages\/155\/revisions"}],"predecessor-version":[{"id":7462,"href":"https:\/\/kunskapsforbundet.se\/magnus-abergsgymnasiet\/wp-json\/wp\/v2\/pages\/155\/revisions\/7462"}],"wp:featuredmedia":[{"embeddable":true,"href":"https:\/\/kunskapsforbundet.se\/magnus-abergsgymnasiet\/wp-json\/wp\/v2\/media\/5035"}],"wp:attachment":[{"href":"https:\/\/kunskapsforbundet.se\/magnus-abergsgymnasiet\/wp-json\/wp\/v2\/media?parent=155"}],"curies":[{"name":"wp","href":"https:\/\/api.w.org\/{rel}","templated":true}]}}