{"id":149,"date":"2014-08-13T10:20:29","date_gmt":"2014-08-13T08:20:29","guid":{"rendered":"https:\/\/www.kunskapsforbundet.se\/magnus-abergsgymnasiet\/?page_id=149"},"modified":"2025-12-30T11:17:54","modified_gmt":"2025-12-30T10:17:54","slug":"om-skolan","status":"publish","type":"page","link":"https:\/\/kunskapsforbundet.se\/magnus-abergsgymnasiet\/om-skolan\/","title":{"rendered":"Om skolan"},"content":{"rendered":"\n<div class=\"pages__ingress pb-4 mb-0\"><p class=\"wp-block-ggb-block-feature__ingress\">V\u00e4lkommen till Magnus \u00c5bergsgymnasiet \u2013 en skola d\u00e4r kockar, snickare, ekonomer, entrepren\u00f6rer och en massa andra yrkesroller utbildas. Tillsammans skapar vi framtidens arbetsmarknad. H\u00e4r finns den st\u00f6rre skolans m\u00f6jligheter, med den lilla skolans trygghet.<\/p><\/div>\n\n\n\n<p>Utbildning \u00e4r det b\u00e4sta vi vet, och v\u00e5rt uppdrag \u00e4r att hj\u00e4lpa dig n\u00e5 dit du vill, oavsett vilken bana du v\u00e4ljer. Vi tror att du ska v\u00e4lja ett program som ger dig framtidslust, ett program d\u00e4r du kan f\u00e5 maximalt utlopp f\u00f6r att vara du och som tar dig ett steg n\u00e4rmare dina dr\u00f6mmar. Vissa program \u00e4r h\u00f6gskolef\u00f6rberedande, och andra ger dig b\u00e5de en h\u00f6gskolef\u00f6rberedande grund och en yrkesexamen. Oavsett om du vill f\u00f6rbereda dig f\u00f6r fortsatta studier eller hitta ett jobb efter gymnasiet har vi en v\u00e4g f\u00f6r dig.<\/p>\n\n\n\n<p>Hos oss har varje program en egen del p\u00e5 skolan, vilket ger trygghet och n\u00e4ra kontakt med b\u00e5de varandra och med l\u00e4rarna. Du f\u00e5r den stora skolans m\u00f6jligheter med den lilla skolans trygghet.<\/p>\n\n\n\n<p>Som elev p\u00e5 Magnus \u00c5bergsgymnasiet \u00e4r det du som avg\u00f6r v\u00e4gen. Det \u00e4r din framtidslust som styr dina m\u00e5l. Vi hj\u00e4lper dig att skr\u00e4ddarsy en studieplan som passar f\u00f6r dina dr\u00f6mmar. L\u00e4rare st\u00f6ttar dig i din utveckling och tillsammans s\u00e4tter ni st\u00e4ndigt nya m\u00e5l f\u00f6r att du ska n\u00e5 dit du vill.<\/p>\n\n\n\n<p>Vi vill att du som elev ska k\u00e4nna dig trygg, ha roligt i skolan och l\u00e4ra dig mer och fortfarande vara nyfiken p\u00e5 att l\u00e4ra dig nya saker n\u00e4r du l\u00e4mnar Magnus \u00c5bergsgymnasiet.<\/p>\n\n\n\n<p>V\u00e4lkommen till Magnus \u00c5bergsgymnasiet!<\/p>\n\n\n<p><\/p>","protected":false},"excerpt":{"rendered":"<p>Utbildning \u00e4r det b\u00e4sta vi vet, och v\u00e5rt uppdrag \u00e4r att hj\u00e4lpa dig n\u00e5 dit du vill, oavsett vilken bana du v\u00e4ljer. Vi tror att du ska v\u00e4lja ett program som ger dig framtidslust, ett program d\u00e4r du kan f\u00e5 maximalt utlopp f\u00f6r att vara du och som tar dig ett steg n\u00e4rmare dina dr\u00f6mmar. [&hellip;]<\/p>\n","protected":false},"author":6,"featured_media":6793,"parent":0,"menu_order":0,"comment_status":"closed","ping_status":"closed","template":"","meta":{"_acf_changed":false,"footnotes":""},"class_list":["post-149","page","type-page","status-publish","has-post-thumbnail","hentry"],"acf":[],"_links":{"self":[{"href":"https:\/\/kunskapsforbundet.se\/magnus-abergsgymnasiet\/wp-json\/wp\/v2\/pages\/149","targetHints":{"allow":["GET"]}}],"collection":[{"href":"https:\/\/kunskapsforbundet.se\/magnus-abergsgymnasiet\/wp-json\/wp\/v2\/pages"}],"about":[{"href":"https:\/\/kunskapsforbundet.se\/magnus-abergsgymnasiet\/wp-json\/wp\/v2\/types\/page"}],"author":[{"embeddable":true,"href":"https:\/\/kunskapsforbundet.se\/magnus-abergsgymnasiet\/wp-json\/wp\/v2\/users\/6"}],"replies":[{"embeddable":true,"href":"https:\/\/kunskapsforbundet.se\/magnus-abergsgymnasiet\/wp-json\/wp\/v2\/comments?post=149"}],"version-history":[{"count":24,"href":"https:\/\/kunskapsforbundet.se\/magnus-abergsgymnasiet\/wp-json\/wp\/v2\/pages\/149\/revisions"}],"predecessor-version":[{"id":7473,"href":"https:\/\/kunskapsforbundet.se\/magnus-abergsgymnasiet\/wp-json\/wp\/v2\/pages\/149\/revisions\/7473"}],"wp:featuredmedia":[{"embeddable":true,"href":"https:\/\/kunskapsforbundet.se\/magnus-abergsgymnasiet\/wp-json\/wp\/v2\/media\/6793"}],"wp:attachment":[{"href":"https:\/\/kunskapsforbundet.se\/magnus-abergsgymnasiet\/wp-json\/wp\/v2\/media?parent=149"}],"curies":[{"name":"wp","href":"https:\/\/api.w.org\/{rel}","templated":true}]}}