{"id":7177,"date":"2025-12-09T15:15:29","date_gmt":"2025-12-09T14:15:29","guid":{"rendered":"https:\/\/kunskapsforbundet.se\/birger-sjoberggymnasiet\/?page_id=7177"},"modified":"2025-12-22T13:16:28","modified_gmt":"2025-12-22T12:16:28","slug":"gymnastik-liu","status":"publish","type":"page","link":"https:\/\/kunskapsforbundet.se\/birger-sjoberggymnasiet\/gymnastik-liu\/","title":{"rendered":"Gymnastik (LIU)"},"content":{"rendered":"\n<div class=\"pages__ingress pb-4 mb-0\"><p class=\"wp-block-ggb-block-feature__ingress\">Birger Sj\u00f6berggymnasiet erbjuder i samarbete med V\u00e4nersborgs gymnastikf\u00f6rening en lokal idrottsutbildning (LIU) i gymnastik. Oavsett vilket gymnasieprogram du v\u00e4ljer kan du inom individuellt val, redan fr\u00e5n \u00e5rskurs 1, l\u00e4sa \u00e4mnet T\u00e4vlingsidrott niv\u00e5 1 och 2.<\/p><\/div>\n\n\n\n<h2 class=\"wp-block-heading\">Utbildningen innefattar<\/h2>\n\n\n\n<ul class=\"wp-block-list\">\n<li>Tv\u00e5 till tre tr\u00e4ningspass i veckan under schematiden f\u00f6r individuellt val<\/li>\n\n\n\n<li>D\u00e5 alla v\u00e5ra ledare \u00e4r utbildade enligt Svensk Gymnastik s\u00e5 har alla licens och planerar tr\u00e4ningarna f\u00f6r b\u00e4sta resultat<\/li>\n\n\n\n<li>Teoretiska tillf\u00e4llen planeras in och inneh\u00e5ller bla kost- och nutritionsl\u00e4ra, tr\u00e4ningsl\u00e4ra och skadehantering<\/li>\n\n\n\n<li>All tr\u00e4ning bedrivs i specialanpassade gymnastikhallar<\/li>\n\n\n\n<li>Vi g\u00f6r en individuell utvecklingsplan inom \u00f6nskad diciplin; Cheerleading, Artistisk Gymnastik (AG), Truppgymnastik eller Aerobic gymnastics.<\/li>\n<\/ul>\n\n\n\n<h2 class=\"wp-block-heading\">Hur ans\u00f6ker jag?<\/h2>\n\n\n\n<p>Intresseanm\u00e4lan g\u00f6rs senast 2 februari genom att maila vanersborgsgf@gmail.com. Enda krav f\u00f6r anm\u00e4lan \u00e4r att du \u00e4r aktiv gymnast i en f\u00f6rening.<\/p>\n\n\n\n<h3 class=\"wp-block-heading\">Kontaktuppgifter<\/h3>\n\n\n\n<p>Karolina Gejland<br><em>Verksamhetsansvarig V\u00e4nersborgs GF<br><\/em>076-033 68 67<br><strong>vanersborgsgf@gmail.com<\/strong><br><\/p>\n\n\n\n<div class=\"wp-block-columns is-layout-flex wp-container-core-columns-is-layout-9d6595d7 wp-block-columns-is-layout-flex\">\n<div class=\"wp-block-column is-layout-flow wp-block-column-is-layout-flow\" style=\"flex-basis:50%\">\n<figure class=\"wp-block-image\"><img loading=\"lazy\" decoding=\"async\" width=\"732\" height=\"572\" src=\"https:\/\/kunskapsforbundet.se\/app\/uploads\/sites\/3\/2025\/12\/Logga.png\" alt=\"\" class=\"wp-image-7179\" srcset=\"https:\/\/kunskapsforbundet.se\/app\/uploads\/sites\/3\/2025\/12\/Logga.png 732w, https:\/\/kunskapsforbundet.se\/app\/uploads\/sites\/3\/2025\/12\/Logga-300x234.png 300w\" sizes=\"auto, (max-width: 732px) 100vw, 732px\" \/><\/figure>\n<\/div>\n\n\n\n<div class=\"wp-block-column is-layout-flow wp-block-column-is-layout-flow\" style=\"flex-basis:50%\">\n<p>L\u00e4s mer om f\u00f6reningen vi samverkar med &#8211; <a href=\"https:\/\/vanersborgsgf.web.sportadmin.se\/start\/?ID=429829\">V\u00e4nersborgs GF<\/a><\/p>\n<\/div>\n<\/div>\n\n\n\n<p><\/p>\n","protected":false},"excerpt":{"rendered":"<p>Utbildningen innefattar Hur ans\u00f6ker jag? Intresseanm\u00e4lan g\u00f6rs senast 2 februari genom att maila vanersborgsgf@gmail.com. Enda krav f\u00f6r anm\u00e4lan \u00e4r att du \u00e4r aktiv gymnast i en f\u00f6rening. Kontaktuppgifter Karolina GejlandVerksamhetsansvarig V\u00e4nersborgs GF076-033 68 67vanersborgsgf@gmail.com L\u00e4s mer om f\u00f6reningen vi samverkar med &#8211; V\u00e4nersborgs GF<\/p>\n","protected":false},"author":59,"featured_media":7180,"parent":0,"menu_order":0,"comment_status":"closed","ping_status":"closed","template":"","meta":{"_acf_changed":false,"footnotes":""},"class_list":["post-7177","page","type-page","status-publish","has-post-thumbnail","hentry"],"acf":[],"_links":{"self":[{"href":"https:\/\/kunskapsforbundet.se\/birger-sjoberggymnasiet\/wp-json\/wp\/v2\/pages\/7177","targetHints":{"allow":["GET"]}}],"collection":[{"href":"https:\/\/kunskapsforbundet.se\/birger-sjoberggymnasiet\/wp-json\/wp\/v2\/pages"}],"about":[{"href":"https:\/\/kunskapsforbundet.se\/birger-sjoberggymnasiet\/wp-json\/wp\/v2\/types\/page"}],"author":[{"embeddable":true,"href":"https:\/\/kunskapsforbundet.se\/birger-sjoberggymnasiet\/wp-json\/wp\/v2\/users\/59"}],"replies":[{"embeddable":true,"href":"https:\/\/kunskapsforbundet.se\/birger-sjoberggymnasiet\/wp-json\/wp\/v2\/comments?post=7177"}],"version-history":[{"count":8,"href":"https:\/\/kunskapsforbundet.se\/birger-sjoberggymnasiet\/wp-json\/wp\/v2\/pages\/7177\/revisions"}],"predecessor-version":[{"id":7209,"href":"https:\/\/kunskapsforbundet.se\/birger-sjoberggymnasiet\/wp-json\/wp\/v2\/pages\/7177\/revisions\/7209"}],"wp:featuredmedia":[{"embeddable":true,"href":"https:\/\/kunskapsforbundet.se\/birger-sjoberggymnasiet\/wp-json\/wp\/v2\/media\/7180"}],"wp:attachment":[{"href":"https:\/\/kunskapsforbundet.se\/birger-sjoberggymnasiet\/wp-json\/wp\/v2\/media?parent=7177"}],"curies":[{"name":"wp","href":"https:\/\/api.w.org\/{rel}","templated":true}]}}