{"id":394,"date":"2014-08-08T14:12:03","date_gmt":"2014-08-08T12:12:03","guid":{"rendered":"https:\/\/www.kunskapsforbundet.se\/birger-sjoberggymnasiet\/?page_id=394"},"modified":"2026-02-05T12:24:25","modified_gmt":"2026-02-05T11:24:25","slug":"kontakt","status":"publish","type":"page","link":"https:\/\/kunskapsforbundet.se\/birger-sjoberggymnasiet\/kontakt\/","title":{"rendered":"Kontakt"},"content":{"rendered":"\n<div class=\"pages__ingress pb-4 mb-0\"><p class=\"wp-block-ggb-block-feature__ingress\">V\u00e4lkommen att kontakta n\u00e5gon i personalen p\u00e5 Birger Sj\u00f6berggymnasiet!<\/p><\/div>\n\n\n\n<h4 class=\"wp-block-heading\">Postadress:<\/h4>\n\n\n\n<p>Birger Sj\u00f6berggymnasiet<br>Box 217<br>462 23 V\u00e4nersborg<\/p>\n\n\n\n<h4 class=\"wp-block-heading\">Bes\u00f6ksadress:<\/h4>\n\n\n\n<p>Idrottsgatan 3<br>46236 V\u00e4nersborg<\/p>\n\n\n\n<h4 class=\"wp-block-heading\">V\u00e5r reception<\/h4>\n\n\n\n<p>\ud83d\udcdeDu kan n\u00e5 oss p\u00e5 0521-72 32 21<\/p>\n\n\n\n<p><strong>Bes\u00f6kstider i v\u00e5r reception.<\/strong><br>M\u00e5ndag &#8211; fredag 09-12 och 13-15<\/p>\n\n\n\n<p><em>Telefontid g\u00e4ller samma tider.&nbsp;<\/em><\/p>\n\n\n\n<h4 class=\"wp-block-heading\">Kunskapsf\u00f6rbundets v\u00e4xel:<\/h4>\n\n\n\n<p>0521-72 27 40<\/p>\n\n\n\n<p><\/p>\n\n\n<\/p>\n<p><\/p>","protected":false},"excerpt":{"rendered":"<p>Postadress: Birger Sj\u00f6berggymnasietBox 217462 23 V\u00e4nersborg Bes\u00f6ksadress: Idrottsgatan 346236 V\u00e4nersborg V\u00e5r reception \ud83d\udcdeDu kan n\u00e5 oss p\u00e5 0521-72 32 21 Bes\u00f6kstider i v\u00e5r reception.M\u00e5ndag &#8211; fredag 09-12 och 13-15 Telefontid g\u00e4ller samma tider.&nbsp; Kunskapsf\u00f6rbundets v\u00e4xel: 0521-72 27 40 V\u00e5r fantastiska expedition har koll p\u00e5 det mesta som h\u00e4nder, du kan kontakta eller bes\u00f6ka oss under [&hellip;]<\/p>\n","protected":false},"author":7,"featured_media":4552,"parent":0,"menu_order":0,"comment_status":"closed","ping_status":"closed","template":"","meta":{"_acf_changed":false,"footnotes":""},"class_list":["post-394","page","type-page","status-publish","has-post-thumbnail","hentry"],"acf":[],"_links":{"self":[{"href":"https:\/\/kunskapsforbundet.se\/birger-sjoberggymnasiet\/wp-json\/wp\/v2\/pages\/394","targetHints":{"allow":["GET"]}}],"collection":[{"href":"https:\/\/kunskapsforbundet.se\/birger-sjoberggymnasiet\/wp-json\/wp\/v2\/pages"}],"about":[{"href":"https:\/\/kunskapsforbundet.se\/birger-sjoberggymnasiet\/wp-json\/wp\/v2\/types\/page"}],"author":[{"embeddable":true,"href":"https:\/\/kunskapsforbundet.se\/birger-sjoberggymnasiet\/wp-json\/wp\/v2\/users\/7"}],"replies":[{"embeddable":true,"href":"https:\/\/kunskapsforbundet.se\/birger-sjoberggymnasiet\/wp-json\/wp\/v2\/comments?post=394"}],"version-history":[{"count":90,"href":"https:\/\/kunskapsforbundet.se\/birger-sjoberggymnasiet\/wp-json\/wp\/v2\/pages\/394\/revisions"}],"predecessor-version":[{"id":7306,"href":"https:\/\/kunskapsforbundet.se\/birger-sjoberggymnasiet\/wp-json\/wp\/v2\/pages\/394\/revisions\/7306"}],"wp:featuredmedia":[{"embeddable":true,"href":"https:\/\/kunskapsforbundet.se\/birger-sjoberggymnasiet\/wp-json\/wp\/v2\/media\/4552"}],"wp:attachment":[{"href":"https:\/\/kunskapsforbundet.se\/birger-sjoberggymnasiet\/wp-json\/wp\/v2\/media?parent=394"}],"curies":[{"name":"wp","href":"https:\/\/api.w.org\/{rel}","templated":true}]}}