{"id":323,"date":"2014-08-04T11:13:12","date_gmt":"2014-08-04T09:13:12","guid":{"rendered":"https:\/\/www.kunskapsforbundet.se\/birger-sjoberggymnasiet\/?page_id=323"},"modified":"2024-05-24T13:47:52","modified_gmt":"2024-05-24T11:47:52","slug":"om-kunskapsforbundet","status":"publish","type":"page","link":"https:\/\/kunskapsforbundet.se\/birger-sjoberggymnasiet\/om-kunskapsforbundet\/","title":{"rendered":"Om Kunskapsf\u00f6rbundet"},"content":{"rendered":"\n<div class=\"pages__ingress pb-4 mb-0\"><p>Kunskapsf\u00f6rbundet V\u00e4st \u00e4r ett samarbete mellan Trollh\u00e4ttans Stad och V\u00e4nersborgs Kommun kring de frivilliga skolformerna i Trollh\u00e4ttan och V\u00e4nersborg.<\/p><\/div>\n\n\n<p>Fr\u00e5n och med den 1 januari 2013 ansvarar Kunskapsf\u00f6rbundet V\u00e4st f\u00f6r Birger Sj\u00f6berggymnasiet, Magnus \u00c5bergsgymnasiet, Nils Ericsonsgymnasiet samt Vuxenutbildningen i Trollh\u00e4ttan och V\u00e4nersborg.<\/p>\n<p>Kunskapsf\u00f6rbundet V\u00e4st \u00e4r ett Kommunalf\u00f6rbund som \u00e4gs av Trollh\u00e4ttans Stad och V\u00e4nersborgs Kommun. F\u00f6rbundet arbetar f\u00f6r att utveckla och st\u00e4rka de frivilliga skolformerna i b\u00e5de Trollh\u00e4ttan och V\u00e4nersborg.<\/p>\n<p>Med cirka 3 000 elever som studerar p\u00e5 v\u00e5ra gymnasieskolor och n\u00e4rmare 3 000 studenter inom Vuxenutbildningen \u00e4r vi en av V\u00e4stsveriges st\u00f6rsta utbildningsanordnare. Cirka 600 personer \u00e4r anst\u00e4llda i Kunskapsf\u00f6rbundet och ytterst ansvariga \u00e4r en politisk direktion med 14 ledam\u00f6ter fr\u00e5n v\u00e5ra \u00e4garkommuner.<\/p>","protected":false},"excerpt":{"rendered":"<p>Fr\u00e5n och med den 1 januari 2013 ansvarar Kunskapsf\u00f6rbundet V\u00e4st f\u00f6r Birger Sj\u00f6berggymnasiet, Magnus \u00c5bergsgymnasiet, Nils Ericsonsgymnasiet samt Vuxenutbildningen i Trollh\u00e4ttan och V\u00e4nersborg. Kunskapsf\u00f6rbundet V\u00e4st \u00e4r ett Kommunalf\u00f6rbund som \u00e4gs av Trollh\u00e4ttans Stad och V\u00e4nersborgs Kommun. F\u00f6rbundet arbetar f\u00f6r att utveckla och st\u00e4rka de frivilliga skolformerna i b\u00e5de Trollh\u00e4ttan och V\u00e4nersborg. Med cirka 3 000 [&hellip;]<\/p>\n","protected":false},"author":34,"featured_media":4625,"parent":0,"menu_order":0,"comment_status":"closed","ping_status":"closed","template":"","meta":{"_acf_changed":false,"footnotes":""},"class_list":["post-323","page","type-page","status-publish","has-post-thumbnail","hentry"],"acf":[],"_links":{"self":[{"href":"https:\/\/kunskapsforbundet.se\/birger-sjoberggymnasiet\/wp-json\/wp\/v2\/pages\/323","targetHints":{"allow":["GET"]}}],"collection":[{"href":"https:\/\/kunskapsforbundet.se\/birger-sjoberggymnasiet\/wp-json\/wp\/v2\/pages"}],"about":[{"href":"https:\/\/kunskapsforbundet.se\/birger-sjoberggymnasiet\/wp-json\/wp\/v2\/types\/page"}],"author":[{"embeddable":true,"href":"https:\/\/kunskapsforbundet.se\/birger-sjoberggymnasiet\/wp-json\/wp\/v2\/users\/34"}],"replies":[{"embeddable":true,"href":"https:\/\/kunskapsforbundet.se\/birger-sjoberggymnasiet\/wp-json\/wp\/v2\/comments?post=323"}],"version-history":[{"count":8,"href":"https:\/\/kunskapsforbundet.se\/birger-sjoberggymnasiet\/wp-json\/wp\/v2\/pages\/323\/revisions"}],"predecessor-version":[{"id":6040,"href":"https:\/\/kunskapsforbundet.se\/birger-sjoberggymnasiet\/wp-json\/wp\/v2\/pages\/323\/revisions\/6040"}],"wp:featuredmedia":[{"embeddable":true,"href":"https:\/\/kunskapsforbundet.se\/birger-sjoberggymnasiet\/wp-json\/wp\/v2\/media\/4625"}],"wp:attachment":[{"href":"https:\/\/kunskapsforbundet.se\/birger-sjoberggymnasiet\/wp-json\/wp\/v2\/media?parent=323"}],"curies":[{"name":"wp","href":"https:\/\/api.w.org\/{rel}","templated":true}]}}