{"id":206,"date":"2014-07-21T14:48:34","date_gmt":"2014-07-21T12:48:34","guid":{"rendered":"https:\/\/www.kunskapsforbundet.se\/birger-sjoberggymnasiet\/?page_id=206"},"modified":"2021-07-21T11:05:44","modified_gmt":"2021-07-21T09:05:44","slug":"hitta-hit","status":"publish","type":"page","link":"https:\/\/kunskapsforbundet.se\/birger-sjoberggymnasiet\/hitta-hit\/","title":{"rendered":"Hitta hit"},"content":{"rendered":"\n<div class=\"pages__ingress pb-4 mb-0\"><p>Oavsett om det \u00e4r som elev, blivande elev eller f\u00f6r\u00e4lder \u00e4r du alltid v\u00e4lkommen att bes\u00f6ka v\u00e5r fina gymnasieskola. Du hittar oss p\u00e5 Idrottsgatan 3 i V\u00e4nersborg! <\/p><\/div>\n\n\n<h4>Postadress:<\/h4>\n<p>Birger Sj\u00f6berggymnasiet<br \/>Box 217<br \/>462 23 V\u00e4nersborg<\/p>\n<p>Vill du bes\u00f6ka oss finner du oss p\u00e5 Idrottsgatan 3 i V\u00e4nersborg.<\/p>\n<p><iframe loading=\"lazy\" style=\"border: 0px currentColor;\" src=\"https:\/\/www.google.com\/maps\/embed?pb=!1m18!1m12!1m3!1d2092.57218705869!2d12.331514100000001!3d58.366886599999894!2m3!1f0!2f0!3f0!3m2!1i1024!2i768!4f13.1!3m3!1m2!1s0x46452308d461ec5b%3A0xa2f82de207401835!2sIdrottsgatan+3%2C+462+36+V%C3%A4nersborg!5e0!3m2!1ssv!2sse!4v1410355246806\" width=\"600\" height=\"450\" frameborder=\"0\"><\/iframe><\/p>","protected":false},"excerpt":{"rendered":"<p>Postadress: Birger Sj\u00f6berggymnasietBox 217462 23 V\u00e4nersborg Vill du bes\u00f6ka oss finner du oss p\u00e5 Idrottsgatan 3 i V\u00e4nersborg.<\/p>\n","protected":false},"author":34,"featured_media":3696,"parent":0,"menu_order":0,"comment_status":"closed","ping_status":"closed","template":"","meta":{"_acf_changed":false,"footnotes":""},"class_list":["post-206","page","type-page","status-publish","has-post-thumbnail","hentry"],"acf":[],"_links":{"self":[{"href":"https:\/\/kunskapsforbundet.se\/birger-sjoberggymnasiet\/wp-json\/wp\/v2\/pages\/206","targetHints":{"allow":["GET"]}}],"collection":[{"href":"https:\/\/kunskapsforbundet.se\/birger-sjoberggymnasiet\/wp-json\/wp\/v2\/pages"}],"about":[{"href":"https:\/\/kunskapsforbundet.se\/birger-sjoberggymnasiet\/wp-json\/wp\/v2\/types\/page"}],"author":[{"embeddable":true,"href":"https:\/\/kunskapsforbundet.se\/birger-sjoberggymnasiet\/wp-json\/wp\/v2\/users\/34"}],"replies":[{"embeddable":true,"href":"https:\/\/kunskapsforbundet.se\/birger-sjoberggymnasiet\/wp-json\/wp\/v2\/comments?post=206"}],"version-history":[{"count":20,"href":"https:\/\/kunskapsforbundet.se\/birger-sjoberggymnasiet\/wp-json\/wp\/v2\/pages\/206\/revisions"}],"predecessor-version":[{"id":4655,"href":"https:\/\/kunskapsforbundet.se\/birger-sjoberggymnasiet\/wp-json\/wp\/v2\/pages\/206\/revisions\/4655"}],"wp:featuredmedia":[{"embeddable":true,"href":"https:\/\/kunskapsforbundet.se\/birger-sjoberggymnasiet\/wp-json\/wp\/v2\/media\/3696"}],"wp:attachment":[{"href":"https:\/\/kunskapsforbundet.se\/birger-sjoberggymnasiet\/wp-json\/wp\/v2\/media?parent=206"}],"curies":[{"name":"wp","href":"https:\/\/api.w.org\/{rel}","templated":true}]}}