{"id":198,"date":"2014-07-21T14:42:27","date_gmt":"2014-07-21T12:42:27","guid":{"rendered":"https:\/\/www.kunskapsforbundet.se\/birger-sjoberggymnasiet\/?page_id=198"},"modified":"2026-03-19T08:27:37","modified_gmt":"2026-03-19T07:27:37","slug":"biblioteket","status":"publish","type":"page","link":"https:\/\/kunskapsforbundet.se\/birger-sjoberggymnasiet\/biblioteket\/","title":{"rendered":"Biblioteket"},"content":{"rendered":"\n<div class=\"pages__ingress pb-4 mb-0\"><p>V\u00e4lkommen till Birger Sj\u00f6berggymnasiets bibliotek! <\/p><\/div>\n\n\n<p>Hos oss kan du bland annat s\u00f6ka information, leta i v\u00e5ra databaser, l\u00e5na och l\u00e4sa b\u00f6cker samt f\u00e5 hj\u00e4lp med hur du k\u00e4llh\u00e4nvisar korrekt n\u00e4r du skriver ditt projektarbete. Vi har ett stort utbud av b\u00f6cker p\u00e5 b\u00e5de svenska, engelska och andra spr\u00e5k. Vi har dessutom blivit utsedda till &#8221;Bibliotek i v\u00e4rldsklass&#8221; av DIK (akademikerfacket f\u00f6r kultur och kommunikation).\u00a0Hj\u00e4rtligt v\u00e4lkommen in till oss p\u00e5 Idrottsgatan 3!<\/p>\n<p><strong>V\u00e5ra \u00f6ppettider:<\/strong><br \/><span style=\"font-size: 1em\">M\u00e5ndag-torsdag:<br \/><\/span><span style=\"font-size: 1em;color: initial\">09:30-11:00 och 12:30-16:00<\/span><\/p>\n<p>fredag: 09:30-11:00 och 12:30-15:30<\/p>\n<p><span style=\"font-size: 1em\">\u00a0<\/span><\/p>","protected":false},"excerpt":{"rendered":"<p>Hos oss kan du bland annat s\u00f6ka information, leta i v\u00e5ra databaser, l\u00e5na och l\u00e4sa b\u00f6cker samt f\u00e5 hj\u00e4lp med hur du k\u00e4llh\u00e4nvisar korrekt n\u00e4r du skriver ditt projektarbete. Vi har ett stort utbud av b\u00f6cker p\u00e5 b\u00e5de svenska, engelska och andra spr\u00e5k. Vi har dessutom blivit utsedda till &#8221;Bibliotek i v\u00e4rldsklass&#8221; av DIK (akademikerfacket [&hellip;]<\/p>\n","protected":false},"author":34,"featured_media":4927,"parent":0,"menu_order":0,"comment_status":"closed","ping_status":"closed","template":"","meta":{"_acf_changed":false,"footnotes":""},"class_list":["post-198","page","type-page","status-publish","has-post-thumbnail","hentry"],"acf":[],"_links":{"self":[{"href":"https:\/\/kunskapsforbundet.se\/birger-sjoberggymnasiet\/wp-json\/wp\/v2\/pages\/198","targetHints":{"allow":["GET"]}}],"collection":[{"href":"https:\/\/kunskapsforbundet.se\/birger-sjoberggymnasiet\/wp-json\/wp\/v2\/pages"}],"about":[{"href":"https:\/\/kunskapsforbundet.se\/birger-sjoberggymnasiet\/wp-json\/wp\/v2\/types\/page"}],"author":[{"embeddable":true,"href":"https:\/\/kunskapsforbundet.se\/birger-sjoberggymnasiet\/wp-json\/wp\/v2\/users\/34"}],"replies":[{"embeddable":true,"href":"https:\/\/kunskapsforbundet.se\/birger-sjoberggymnasiet\/wp-json\/wp\/v2\/comments?post=198"}],"version-history":[{"count":36,"href":"https:\/\/kunskapsforbundet.se\/birger-sjoberggymnasiet\/wp-json\/wp\/v2\/pages\/198\/revisions"}],"predecessor-version":[{"id":7342,"href":"https:\/\/kunskapsforbundet.se\/birger-sjoberggymnasiet\/wp-json\/wp\/v2\/pages\/198\/revisions\/7342"}],"wp:featuredmedia":[{"embeddable":true,"href":"https:\/\/kunskapsforbundet.se\/birger-sjoberggymnasiet\/wp-json\/wp\/v2\/media\/4927"}],"wp:attachment":[{"href":"https:\/\/kunskapsforbundet.se\/birger-sjoberggymnasiet\/wp-json\/wp\/v2\/media?parent=198"}],"curies":[{"name":"wp","href":"https:\/\/api.w.org\/{rel}","templated":true}]}}